CRAN Package Check Results for Package netmhc2pan

Last updated on 2022-08-13 04:57:53 CEST.

Flavor Version Tinstall Tcheck Ttotal Status Flags
r-devel-linux-x86_64-debian-clang 1.3.1 2.55 36.14 38.69 NOTE
r-devel-linux-x86_64-debian-gcc 1.3.1 2.90 28.21 31.11 NOTE
r-devel-linux-x86_64-fedora-clang 1.3.1 60.97 NOTE
r-devel-linux-x86_64-fedora-gcc 1.3.1 56.46 NOTE
r-devel-windows-x86_64 1.3.1 18.00 71.00 89.00 NOTE
r-patched-linux-x86_64 1.3.1 4.50 34.50 39.00 NOTE
r-release-linux-x86_64 1.3.1 2.64 34.53 37.17 NOTE
r-release-macos-arm64 1.3.1 79.00 NOTE
r-release-macos-x86_64 1.3.1 30.00 NOTE
r-release-windows-x86_64 1.3.1 36.00 69.00 105.00 NOTE
r-oldrel-macos-arm64 1.3.1 25.00 NOTE
r-oldrel-macos-x86_64 1.3.1 37.00 NOTE
r-oldrel-windows-ix86+x86_64 1.3.1 11.00 60.00 71.00 NOTE

Check Details

Version: 1.3.1
Check: LazyData
Result: NOTE
     'LazyData' is specified without a 'data' directory
Flavors: r-devel-linux-x86_64-debian-clang, r-devel-linux-x86_64-debian-gcc, r-devel-linux-x86_64-fedora-clang, r-devel-linux-x86_64-fedora-gcc, r-devel-windows-x86_64, r-patched-linux-x86_64, r-release-linux-x86_64, r-release-macos-arm64, r-release-macos-x86_64, r-release-windows-x86_64, r-oldrel-macos-arm64, r-oldrel-macos-x86_64, r-oldrel-windows-ix86+x86_64