CRAN Package Check Results for Package netrankr

Last updated on 2018-05-24 02:48:32 CEST.

Flavor Version Tinstall Tcheck Ttotal Status Flags
r-devel-linux-x86_64-debian-clang 0.2.0 115.44 52.43 167.87 OK
r-devel-linux-x86_64-debian-gcc 0.2.0 97.15 45.10 142.25 OK
r-devel-linux-x86_64-fedora-clang 0.2.0 260.64 NOTE
r-devel-linux-x86_64-fedora-gcc 0.2.0 232.53 NOTE
r-devel-windows-ix86+x86_64 0.2.0 253.00 98.00 351.00 OK
r-patched-linux-x86_64 0.2.0 124.42 52.92 177.34 OK
r-patched-solaris-x86 0.2.0 230.40 OK
r-release-linux-x86_64 0.2.0 128.86 53.10 181.96 OK
r-release-windows-ix86+x86_64 0.2.0 349.00 119.00 468.00 OK
r-release-osx-x86_64 0.2.0 OK
r-oldrel-windows-ix86+x86_64 0.2.0 343.00 133.00 476.00 OK
r-oldrel-osx-x86_64 0.2.0 OK

Check Details

Version: 0.2.0
Check: installed package size
Result: NOTE
     installed size is 5.2Mb
     sub-directories of 1Mb or more:
     libs 4.0Mb
Flavors: r-devel-linux-x86_64-fedora-clang, r-devel-linux-x86_64-fedora-gcc