CRAN Package Check Results for Package netrankr

Last updated on 2018-11-18 12:46:29 CET.

Flavor Version Tinstall Tcheck Ttotal Status Flags
r-devel-linux-x86_64-debian-clang 0.2.1 122.04 54.96 177.00 OK
r-devel-linux-x86_64-debian-gcc 0.2.1 106.63 43.96 150.59 OK
r-devel-linux-x86_64-fedora-clang 0.2.1 273.47 NOTE
r-devel-linux-x86_64-fedora-gcc 0.2.1 237.96 OK
r-devel-windows-ix86+x86_64 0.2.1 346.00 96.00 442.00 OK
r-patched-linux-x86_64 0.2.1 128.49 53.12 181.61 OK
r-patched-solaris-x86 0.2.1 248.70 OK
r-release-linux-x86_64 0.2.1 137.87 53.04 190.91 OK
r-release-windows-ix86+x86_64 0.2.1 350.00 96.00 446.00 OK
r-release-osx-x86_64 0.2.1 OK
r-oldrel-windows-ix86+x86_64 0.2.1 349.00 151.00 500.00 OK
r-oldrel-osx-x86_64 0.2.1 OK

Check Details

Version: 0.2.1
Check: installed package size
Result: NOTE
     installed size is 5.4Mb
     sub-directories of 1Mb or more:
     libs 4.2Mb
Flavor: r-devel-linux-x86_64-fedora-clang