CRAN Package Check Results for Package netrankr

Last updated on 2018-02-24 23:49:08 CET.

Flavor Version Tinstall Tcheck Ttotal Status Flags
r-devel-linux-x86_64-debian-clang 0.2.0 117.27 52.53 169.80 OK
r-devel-linux-x86_64-debian-gcc 0.2.0 96.11 42.55 138.66 OK
r-devel-linux-x86_64-fedora-clang 0.2.0 266.68 NOTE
r-devel-linux-x86_64-fedora-gcc 0.2.0 230.20 NOTE
r-devel-windows-ix86+x86_64 0.2.0 336.00 121.00 457.00 OK
r-patched-linux-x86_64 0.2.0 119.39 64.47 183.86 OK
r-patched-solaris-x86 0.2.0 242.20 OK
r-release-linux-x86_64 0.2.0 124.87 62.66 187.53 OK
r-release-windows-ix86+x86_64 0.2.0 353.00 134.00 487.00 OK
r-release-osx-x86_64 0.2.0 OK
r-oldrel-windows-ix86+x86_64 0.2.0 267.00 86.00 353.00 OK
r-oldrel-osx-x86_64 0.2.0 OK

Check Details

Version: 0.2.0
Check: installed package size
Result: NOTE
     installed size is 5.2Mb
     sub-directories of 1Mb or more:
     libs 4.0Mb
Flavors: r-devel-linux-x86_64-fedora-clang, r-devel-linux-x86_64-fedora-gcc