CRAN Package Check Results for Package netrankr

Last updated on 2018-08-19 11:47:59 CEST.

Flavor Version Tinstall Tcheck Ttotal Status Flags
r-devel-linux-x86_64-debian-clang 0.2.0 120.89 58.22 179.11 OK
r-devel-linux-x86_64-debian-gcc 0.2.0 102.02 46.26 148.28 OK
r-devel-linux-x86_64-fedora-clang 0.2.0 258.32 NOTE
r-devel-linux-x86_64-fedora-gcc 0.2.0 241.52 NOTE
r-devel-windows-ix86+x86_64 0.2.0 341.00 120.00 461.00 OK
r-patched-linux-x86_64 0.2.0 131.26 53.05 184.31 OK
r-patched-solaris-x86 0.2.0 229.20 OK
r-release-linux-x86_64 0.2.0 130.93 53.23 184.16 OK
r-release-windows-ix86+x86_64 0.2.0 362.00 116.00 478.00 OK
r-release-osx-x86_64 0.2.0 OK
r-oldrel-windows-ix86+x86_64 0.2.0 283.00 109.00 392.00 OK
r-oldrel-osx-x86_64 0.2.0 OK

Check Details

Version: 0.2.0
Check: installed package size
Result: NOTE
     installed size is 5.3Mb
     sub-directories of 1Mb or more:
     libs 4.0Mb
Flavor: r-devel-linux-x86_64-fedora-clang

Version: 0.2.0
Check: use of SHLIB_OPENMP_*FLAGS in Makefiles
Result: NOTE
     src/Makevars.win: SHLIB_OPENMP_CXXFLAGS is included in PKG_CXXFLAGS but not in PKG_LIBS
     src/Makevars.win: SHLIB_OPENMP_CFLAGS is included in PKG_LIBS but not in PKG_CFLAGS
    Use of these macros is discussed in sect 1.2.1.1 of ‘Writing R
    Extensions’. The macros for different languages may differ so the
    matching macro must be used in PKG_CXXFLAGS (etc) and match that used
    in PKG_LIBS (except for F77: see the manual).
Flavors: r-devel-linux-x86_64-fedora-clang, r-devel-linux-x86_64-fedora-gcc