CRAN Package Check Results for Package netrankr

Last updated on 2019-02-21 01:50:52 CET.

Flavor Version Tinstall Tcheck Ttotal Status Flags
r-devel-linux-x86_64-debian-clang 0.2.1 128.48 71.53 200.01 OK
r-devel-linux-x86_64-debian-gcc 0.2.1 92.74 55.96 148.70 OK
r-devel-linux-x86_64-fedora-clang 0.2.1 300.04 NOTE
r-devel-linux-x86_64-fedora-gcc 0.2.1 253.97 OK
r-devel-windows-ix86+x86_64 0.2.1 360.00 150.00 510.00 OK
r-patched-linux-x86_64 0.2.1 OK
r-patched-solaris-x86 0.2.1 225.00 OK
r-release-linux-x86_64 0.2.1 OK
r-release-windows-ix86+x86_64 0.2.1 263.00 117.00 380.00 OK
r-release-osx-x86_64 0.2.1 OK
r-oldrel-windows-ix86+x86_64 0.2.1 283.00 114.00 397.00 OK
r-oldrel-osx-x86_64 0.2.1 OK

Check Details

Version: 0.2.1
Check: installed package size
Result: NOTE
     installed size is 5.1Mb
     sub-directories of 1Mb or more:
     libs 3.8Mb
Flavor: r-devel-linux-x86_64-fedora-clang