CRAN Package Check Results for Package nettools

Last updated on 2018-02-21 15:49:03 CET.

Flavor Version Tinstall Tcheck Ttotal Status Flags
r-devel-linux-x86_64-debian-clang 1.0.1 11.13 161.55 172.68 NOTE
r-devel-linux-x86_64-debian-gcc 1.0.1 10.40 128.29 138.69 NOTE
r-devel-windows-ix86+x86_64 1.0.1 21.00 153.00 174.00 NOTE
r-patched-linux-x86_64 1.0.1 10.45 162.61 173.06 NOTE
r-patched-solaris-x86 1.0.1 296.00 NOTE
r-release-linux-x86_64 1.0.1 10.65 159.43 170.08 NOTE
r-release-windows-ix86+x86_64 1.0.1 37.00 228.00 265.00 NOTE
r-release-osx-x86_64 1.0.1 ERROR
r-oldrel-windows-ix86+x86_64 1.0.1 23.00 236.00 259.00 NOTE
r-oldrel-osx-x86_64 1.0.1 NOTE

Check Details

Version: 1.0.1
Check: R code for possible problems
Result: NOTE
    AdjWGCNAFDR: no visible binding for global variable ‘cor’
    Adjcor: no visible global function definition for ‘cor’
    K: no visible global function definition for ‘integrate’
    checkvar: no visible binding for global variable ‘var’
    ipsen : K: no visible global function definition for ‘integrate’
    ipsen : mydistfun: no visible global function definition for
     ‘integrate’
    optimal_gamma: no visible global function definition for ‘uniroot’
    optimal_gamma_dir: no visible global function definition for ‘uniroot’
    Undefined global functions or variables:
     cor integrate uniroot var
    Consider adding
     importFrom("stats", "cor", "integrate", "uniroot", "var")
    to your NAMESPACE file.
Flavors: r-devel-linux-x86_64-debian-clang, r-devel-linux-x86_64-debian-gcc, r-devel-windows-ix86+x86_64, r-patched-linux-x86_64, r-patched-solaris-x86, r-release-linux-x86_64, r-release-windows-ix86+x86_64, r-oldrel-windows-ix86+x86_64, r-oldrel-osx-x86_64

Version: 1.0.1
Check: package dependencies
Result: ERROR
    Packages required but not available: ‘WGCNA’ ‘minet’
    
    See section ‘The DESCRIPTION file’ in the ‘Writing R Extensions’
    manual.
Flavor: r-release-osx-x86_64