Last updated on 2021-02-26 06:48:14 CET.
Flavor | Version | Tinstall | Tcheck | Ttotal | Status | Flags |
---|---|---|---|---|---|---|
r-devel-linux-x86_64-debian-clang | 0.4 | 2.12 | 34.35 | 36.47 | OK | |
r-devel-linux-x86_64-debian-gcc | 0.4 | 2.57 | 26.94 | 29.51 | OK | |
r-devel-linux-x86_64-fedora-clang | 0.4 | 54.58 | OK | |||
r-devel-linux-x86_64-fedora-gcc | 0.4 | 44.40 | OK | |||
r-devel-windows-ix86+x86_64 | 0.4 | 5.00 | 38.00 | 43.00 | OK | |
r-patched-linux-x86_64 | 0.4 | 3.04 | 33.01 | 36.05 | OK | |
r-patched-solaris-x86 | 0.4 | 66.90 | OK | |||
r-release-linux-x86_64 | 0.4 | 2.92 | 33.24 | 36.16 | OK | |
r-release-macos-x86_64 | 0.4 | OK | ||||
r-release-windows-ix86+x86_64 | 0.4 | 7.00 | 8.00 | 15.00 | ERROR | |
r-oldrel-macos-x86_64 | 0.4 | OK | ||||
r-oldrel-windows-ix86+x86_64 | 0.4 | 4.00 | 49.00 | 53.00 | OK |
Version: 0.4
Check: whether package can be installed
Result: ERROR
Installation failed.
Flavor: r-release-windows-ix86+x86_64