CRAN Package Check Results for Package networkD3

Last updated on 2018-10-21 17:54:18 CEST.

Flavor Version Tinstall Tcheck Ttotal Status Flags
r-devel-linux-x86_64-debian-clang 0.4 2.41 29.99 32.40 OK
r-devel-linux-x86_64-debian-gcc 0.4 1.86 24.34 26.20 OK
r-devel-linux-x86_64-fedora-clang 0.4 37.47 OK
r-devel-linux-x86_64-fedora-gcc 0.4 36.09 OK
r-devel-windows-ix86+x86_64 0.4 8.00 62.00 70.00 OK
r-patched-linux-x86_64 0.4 2.04 26.48 28.52 OK
r-patched-solaris-x86 0.4 53.40 OK
r-release-linux-x86_64 0.4 0.44 1.80 2.24 ERROR
r-release-windows-ix86+x86_64 0.4 5.00 53.00 58.00 OK
r-release-osx-x86_64 0.4 OK
r-oldrel-windows-ix86+x86_64 0.4 3.00 54.00 57.00 OK
r-oldrel-osx-x86_64 0.4 OK

Check Details

Version: 0.4
Check: package dependencies
Result: ERROR
    Package required but not available: ‘htmlwidgets’
    
    See section ‘The DESCRIPTION file’ in the ‘Writing R Extensions’
    manual.
Flavor: r-release-linux-x86_64