CRAN Package Check Results for Package networkGen

Last updated on 2018-05-27 07:50:58 CEST.

Flavor Version Tinstall Tcheck Ttotal Status Flags
r-devel-linux-x86_64-debian-clang 0.1.1 1.46 26.68 28.14 OK
r-devel-linux-x86_64-debian-gcc 0.1.1 1.69 21.14 22.83 OK
r-devel-linux-x86_64-fedora-clang 0.1.1 35.88 NOTE
r-devel-linux-x86_64-fedora-gcc 0.1.1 32.65 NOTE
r-devel-windows-ix86+x86_64 0.1.1 4.00 43.00 47.00 OK
r-patched-linux-x86_64 0.1.1 2.23 24.78 27.01 OK
r-patched-solaris-x86 0.1.1 50.20 NOTE
r-release-linux-x86_64 0.1.1 1.92 24.83 26.75 OK
r-release-windows-ix86+x86_64 0.1.1 6.00 39.00 45.00 OK
r-release-osx-x86_64 0.1.1 NOTE
r-oldrel-windows-ix86+x86_64 0.1.1 4.00 43.00 47.00 OK
r-oldrel-osx-x86_64 0.1.1 NOTE

Check Details

Version: 0.1.1
Check: dependencies in R code
Result: NOTE
    Namespaces in Imports field not imported from:
     ‘mgcv’ ‘stats’
     All declared Imports should be used.
Flavors: r-devel-linux-x86_64-fedora-clang, r-devel-linux-x86_64-fedora-gcc, r-patched-solaris-x86, r-release-osx-x86_64, r-oldrel-osx-x86_64