CRAN Package Check Results for Package networkGen

Last updated on 2018-08-17 00:49:54 CEST.

Flavor Version Tinstall Tcheck Ttotal Status Flags
r-devel-linux-x86_64-debian-clang 0.1.1 2.22 27.28 29.50 OK
r-devel-linux-x86_64-debian-gcc 0.1.1 1.69 22.27 23.96 OK
r-devel-linux-x86_64-fedora-clang 0.1.1 34.65 NOTE
r-devel-linux-x86_64-fedora-gcc 0.1.1 33.17 NOTE
r-devel-windows-ix86+x86_64 0.1.1 5.00 52.00 57.00 OK
r-patched-linux-x86_64 0.1.1 2.50 25.08 27.58 OK
r-patched-solaris-x86 0.1.1 51.90 NOTE
r-release-linux-x86_64 0.1.1 1.91 24.93 26.84 OK
r-release-windows-ix86+x86_64 0.1.1 5.00 48.00 53.00 OK
r-release-osx-x86_64 0.1.1 NOTE
r-oldrel-windows-ix86+x86_64 0.1.1 3.00 35.00 38.00 OK
r-oldrel-osx-x86_64 0.1.1 NOTE

Check Details

Version: 0.1.1
Check: dependencies in R code
Result: NOTE
    Namespaces in Imports field not imported from:
     ‘mgcv’ ‘stats’
     All declared Imports should be used.
Flavors: r-devel-linux-x86_64-fedora-clang, r-devel-linux-x86_64-fedora-gcc, r-patched-solaris-x86, r-release-osx-x86_64, r-oldrel-osx-x86_64