CRAN Package Check Results for Package networktools

Last updated on 2018-02-21 07:47:41 CET.

Flavor Version Tinstall Tcheck Ttotal Status Flags
r-devel-linux-x86_64-debian-clang 1.1.1 4.47 93.29 97.76 OK
r-devel-linux-x86_64-debian-gcc 1.1.1 2.34 69.23 71.57 OK
r-devel-linux-x86_64-fedora-clang 1.1.1 117.26 NOTE
r-devel-linux-x86_64-fedora-gcc 1.1.1 112.20 NOTE
r-devel-windows-ix86+x86_64 1.1.1 8.00 98.00 106.00 OK
r-patched-linux-x86_64 1.1.1 1.27 111.97 113.24 OK
r-patched-solaris-x86 1.1.1 150.90 NOTE
r-release-linux-x86_64 1.1.1 1.16 108.71 109.87 OK
r-release-windows-ix86+x86_64 1.1.1 8.00 154.00 162.00 OK
r-release-osx-x86_64 1.1.1 NOTE
r-oldrel-windows-ix86+x86_64 1.1.1 8.00 143.00 151.00 OK
r-oldrel-osx-x86_64 1.1.0 NOTE

Check Details

Version: 1.1.1
Check: dependencies in R code
Result: NOTE
    Namespace in Imports field not imported from: ‘devtools’
     All declared Imports should be used.
Flavors: r-devel-linux-x86_64-fedora-clang, r-devel-linux-x86_64-fedora-gcc, r-patched-solaris-x86, r-release-osx-x86_64

Version: 1.1.0
Check: dependencies in R code
Result: NOTE
    Namespace in Imports field not imported from: ‘devtools’
     All declared Imports should be used.
Flavor: r-oldrel-osx-x86_64