CRAN Package Check Results for Package networktools

Last updated on 2018-10-16 11:48:12 CEST.

Flavor Version Tinstall Tcheck Ttotal Status Flags
r-devel-linux-x86_64-debian-clang 1.2.0 12.04 127.42 139.46 OK
r-devel-linux-x86_64-debian-gcc 1.2.0 10.22 99.09 109.31 OK
r-devel-linux-x86_64-fedora-clang 1.2.0 164.80 NOTE
r-devel-linux-x86_64-fedora-gcc 1.2.0 162.22 NOTE
r-devel-windows-ix86+x86_64 1.2.0 46.00 187.00 233.00 OK
r-patched-linux-x86_64 1.2.0 9.56 107.30 116.86 OK
r-patched-solaris-x86 1.2.0 214.70 NOTE
r-release-linux-x86_64 1.2.0 9.15 108.41 117.56 OK
r-release-windows-ix86+x86_64 1.2.0 39.00 196.00 235.00 OK
r-release-osx-x86_64 1.2.0 NOTE
r-oldrel-windows-ix86+x86_64 1.2.0 34.00 146.00 180.00 OK
r-oldrel-osx-x86_64 1.2.0 NOTE

Check Details

Version: 1.2.0
Check: dependencies in R code
Result: NOTE
    Namespace in Imports field not imported from: ‘devtools’
     All declared Imports should be used.
Flavors: r-devel-linux-x86_64-fedora-clang, r-devel-linux-x86_64-fedora-gcc, r-patched-solaris-x86, r-release-osx-x86_64, r-oldrel-osx-x86_64