CRAN Package Check Results for Package networktools

Last updated on 2018-05-25 13:48:06 CEST.

Flavor Version Tinstall Tcheck Ttotal Status Flags
r-devel-linux-x86_64-debian-clang 1.1.2 4.17 47.95 52.12 OK
r-devel-linux-x86_64-debian-gcc 1.1.2 3.16 37.13 40.29 OK
r-devel-linux-x86_64-fedora-clang 1.1.2 66.41 NOTE
r-devel-linux-x86_64-fedora-gcc 1.1.2 62.36 NOTE
r-devel-windows-ix86+x86_64 1.1.2 8.00 52.00 60.00 OK
r-patched-linux-x86_64 1.1.2 5.44 43.67 49.11 OK
r-patched-solaris-x86 1.1.2 82.20 NOTE
r-release-linux-x86_64 1.1.2 5.05 44.23 49.28 OK
r-release-windows-ix86+x86_64 1.1.2 14.00 79.00 93.00 OK
r-release-osx-x86_64 1.1.2 NOTE
r-oldrel-windows-ix86+x86_64 1.1.2 8.00 59.00 67.00 OK
r-oldrel-osx-x86_64 1.1.1 NOTE

Check Details

Version: 1.1.2
Check: dependencies in R code
Result: NOTE
    Namespace in Imports field not imported from: ‘devtools’
     All declared Imports should be used.
Flavors: r-devel-linux-x86_64-fedora-clang, r-devel-linux-x86_64-fedora-gcc, r-patched-solaris-x86, r-release-osx-x86_64

Version: 1.1.1
Check: dependencies in R code
Result: NOTE
    Namespace in Imports field not imported from: ‘devtools’
     All declared Imports should be used.
Flavor: r-oldrel-osx-x86_64