CRAN Package Check Results for Package networktools

Last updated on 2018-08-16 22:50:39 CEST.

Flavor Version Tinstall Tcheck Ttotal Status Flags
r-devel-linux-x86_64-debian-clang 1.2.0 12.33 126.70 139.03 OK
r-devel-linux-x86_64-debian-gcc 1.2.0 9.92 98.90 108.82 OK
r-devel-linux-x86_64-fedora-clang 1.2.0 163.43 NOTE
r-devel-linux-x86_64-fedora-gcc 1.2.0 156.98 NOTE
r-devel-windows-ix86+x86_64 1.2.0 47.00 185.00 232.00 OK
r-patched-linux-x86_64 1.2.0 11.39 107.31 118.70 OK
r-patched-solaris-x86 1.2.0 223.60 NOTE
r-release-linux-x86_64 1.2.0 10.02 106.48 116.50 OK
r-release-windows-ix86+x86_64 1.2.0 40.00 176.00 216.00 OK
r-release-osx-x86_64 1.2.0 NOTE
r-oldrel-windows-ix86+x86_64 1.2.0 35.00 176.00 211.00 OK
r-oldrel-osx-x86_64 1.2.0 NOTE

Check Details

Version: 1.2.0
Check: dependencies in R code
Result: NOTE
    Namespace in Imports field not imported from: ‘devtools’
     All declared Imports should be used.
Flavors: r-devel-linux-x86_64-fedora-clang, r-devel-linux-x86_64-fedora-gcc, r-patched-solaris-x86, r-release-osx-x86_64, r-oldrel-osx-x86_64