CRAN Package Check Results for Package networktools

Last updated on 2019-01-22 07:49:19 CET.

Flavor Version Tinstall Tcheck Ttotal Status Flags
r-devel-linux-x86_64-debian-clang 1.2.0 9.40 117.72 127.12 OK
r-devel-linux-x86_64-debian-gcc 1.2.0 8.25 89.34 97.59 OK
r-devel-linux-x86_64-fedora-clang 1.2.0 155.63 NOTE
r-devel-linux-x86_64-fedora-gcc 1.2.0 140.88 NOTE
r-devel-windows-ix86+x86_64 1.2.0 38.00 134.00 172.00 OK
r-patched-linux-x86_64 1.2.0 8.83 110.17 119.00 OK
r-patched-solaris-x86 1.2.0 229.80 NOTE
r-release-linux-x86_64 1.2.0 8.44 108.13 116.57 OK
r-release-windows-ix86+x86_64 1.2.0 39.00 175.00 214.00 OK
r-release-osx-x86_64 1.2.0 NOTE
r-oldrel-windows-ix86+x86_64 1.2.0 38.00 135.00 173.00 OK
r-oldrel-osx-x86_64 1.2.0 NOTE

Check Details

Version: 1.2.0
Check: dependencies in R code
Result: NOTE
    Namespace in Imports field not imported from: ‘devtools’
     All declared Imports should be used.
Flavors: r-devel-linux-x86_64-fedora-clang, r-devel-linux-x86_64-fedora-gcc, r-patched-solaris-x86, r-release-osx-x86_64, r-oldrel-osx-x86_64