CRAN Package Check Results for Package neuroblastoma

Last updated on 2019-08-21 18:47:57 CEST.

Flavor Version Tinstall Tcheck Ttotal Status Flags
r-devel-linux-x86_64-debian-clang 1.0 1.64 14.58 16.22 OK
r-devel-linux-x86_64-debian-gcc 1.0 OK
r-devel-linux-x86_64-fedora-clang 1.0 20.96 NOTE
r-devel-linux-x86_64-fedora-gcc 1.0 20.24 OK
r-devel-windows-ix86+x86_64 1.0 6.00 30.00 36.00 NOTE
r-patched-linux-x86_64 1.0 1.59 14.61 16.20 OK
r-patched-solaris-x86 1.0 34.20 NOTE
r-release-linux-x86_64 1.0 1.30 14.50 15.80 OK
r-release-windows-ix86+x86_64 1.0 4.00 31.00 35.00 NOTE
r-release-osx-x86_64 1.0 NOTE
r-oldrel-windows-ix86+x86_64 1.0 2.00 21.00 23.00 NOTE
r-oldrel-osx-x86_64 1.0 NOTE

Check Details

Version: 1.0
Check: installed package size
Result: NOTE
     installed size is 7.7Mb
     sub-directories of 1Mb or more:
     data 7.6Mb
Flavors: r-devel-linux-x86_64-fedora-clang, r-devel-windows-ix86+x86_64, r-patched-solaris-x86, r-release-windows-ix86+x86_64, r-release-osx-x86_64, r-oldrel-windows-ix86+x86_64, r-oldrel-osx-x86_64