CRAN Package Check Results for Package neuroblastoma

Last updated on 2019-12-06 05:46:43 CET.

Flavor Version Tinstall Tcheck Ttotal Status Flags
r-devel-linux-x86_64-debian-clang 1.0 1.70 15.16 16.86 OK
r-devel-linux-x86_64-debian-gcc 1.0 1.29 12.42 13.71 OK
r-devel-linux-x86_64-fedora-clang 1.0 20.72 NOTE
r-devel-linux-x86_64-fedora-gcc 1.0 20.67 OK
r-devel-windows-ix86+x86_64 1.0 4.00 33.00 37.00 NOTE
r-devel-windows-ix86+x86_64-gcc8 1.0 5.00 37.00 42.00 NOTE
r-patched-linux-x86_64 1.0 1.47 14.43 15.90 OK
r-patched-solaris-x86 1.0 32.20 NOTE
r-release-linux-x86_64 1.0 1.53 14.30 15.83 OK
r-release-windows-ix86+x86_64 1.0 4.00 31.00 35.00 NOTE
r-release-osx-x86_64 1.0 NOTE
r-oldrel-windows-ix86+x86_64 1.0 2.00 21.00 23.00 NOTE
r-oldrel-osx-x86_64 1.0 NOTE

Check Details

Version: 1.0
Check: installed package size
Result: NOTE
     installed size is 7.7Mb
     sub-directories of 1Mb or more:
     data 7.6Mb
Flavors: r-devel-linux-x86_64-fedora-clang, r-devel-windows-ix86+x86_64, r-devel-windows-ix86+x86_64-gcc8, r-patched-solaris-x86, r-release-windows-ix86+x86_64, r-release-osx-x86_64, r-oldrel-windows-ix86+x86_64, r-oldrel-osx-x86_64