Last updated on 2022-08-08 01:54:40 CEST.
Flavor | Version | Tinstall | Tcheck | Ttotal | Status | Flags |
---|---|---|---|---|---|---|
r-devel-linux-x86_64-debian-clang | 0.12.0 | 6.28 | 70.55 | 76.83 | NOTE | |
r-devel-linux-x86_64-debian-gcc | 0.12.0 | 6.61 | 52.91 | 59.52 | NOTE | |
r-devel-linux-x86_64-fedora-clang | 0.12.0 | 106.26 | NOTE | |||
r-devel-linux-x86_64-fedora-gcc | 0.12.0 | 104.19 | NOTE | |||
r-devel-windows-x86_64 | 0.12.0 | 36.00 | 103.00 | 139.00 | NOTE | |
r-patched-linux-x86_64 | 0.12.0 | 6.57 | 66.92 | 73.49 | NOTE | |
r-release-linux-x86_64 | 0.12.0 | 7.29 | 68.76 | 76.05 | NOTE | |
r-release-macos-arm64 | 0.12.0 | 28.00 | NOTE | |||
r-release-macos-x86_64 | 0.12.0 | 45.00 | NOTE | |||
r-release-windows-x86_64 | 0.12.0 | 77.00 | 102.00 | 179.00 | NOTE | |
r-oldrel-macos-arm64 | 0.12.0 | 36.00 | NOTE | |||
r-oldrel-macos-x86_64 | 0.12.0 | 1803.00 | NOTE | |||
r-oldrel-windows-ix86+x86_64 | 0.12.0 | 21.00 | 97.00 | 118.00 | NOTE |
Version: 0.12.0
Check: LazyData
Result: NOTE
'LazyData' is specified without a 'data' directory
Flavors: r-devel-linux-x86_64-debian-clang, r-devel-linux-x86_64-debian-gcc, r-devel-linux-x86_64-fedora-clang, r-devel-linux-x86_64-fedora-gcc, r-devel-windows-x86_64, r-patched-linux-x86_64, r-release-linux-x86_64, r-release-macos-arm64, r-release-macos-x86_64, r-release-windows-x86_64, r-oldrel-macos-arm64, r-oldrel-macos-x86_64, r-oldrel-windows-ix86+x86_64