CRAN Package Check Results for Package neuroim

Last updated on 2019-02-15 20:46:58 CET.

Flavor Version Tinstall Tcheck Ttotal Status Flags
r-devel-linux-x86_64-debian-clang 0.0.6 30.73 134.96 165.69 OK
r-devel-linux-x86_64-debian-gcc 0.0.6 24.00 102.83 126.83 OK
r-devel-linux-x86_64-fedora-clang 0.0.6 209.04 NOTE
r-devel-linux-x86_64-fedora-gcc 0.0.6 190.64 NOTE
r-devel-windows-ix86+x86_64 0.0.6 76.00 244.00 320.00 OK
r-patched-linux-x86_64 0.0.6 30.99 122.52 153.51 OK
r-patched-solaris-x86 0.0.6 250.10 OK
r-release-linux-x86_64 0.0.6 27.87 119.49 147.36 OK
r-release-windows-ix86+x86_64 0.0.6 46.00 270.00 316.00 OK
r-release-osx-x86_64 0.0.6 OK
r-oldrel-windows-ix86+x86_64 0.0.6 62.00 270.00 332.00 OK
r-oldrel-osx-x86_64 0.0.6 OK

Check Details

Version: 0.0.6
Check: compiled code
Result: NOTE
    File ‘neuroim/libs/neuroim.so’:
     Found no calls to: ‘R_registerRoutines’, ‘R_useDynamicSymbols’
    
    It is good practice to register native routines and to disable symbol
    search.
    
    See ‘Writing portable packages’ in the ‘Writing R Extensions’ manual.
Flavors: r-devel-linux-x86_64-fedora-clang, r-devel-linux-x86_64-fedora-gcc