CRAN Package Check Results for Package neuroim

Last updated on 2018-08-20 09:47:47 CEST.

Flavor Version Tinstall Tcheck Ttotal Status Flags
r-devel-linux-x86_64-debian-clang 0.0.6 27.99 139.81 167.80 NOTE
r-devel-linux-x86_64-debian-gcc 0.0.6 25.04 108.81 133.85 NOTE
r-devel-linux-x86_64-fedora-clang 0.0.6 206.58 NOTE
r-devel-linux-x86_64-fedora-gcc 0.0.6 206.70 NOTE
r-devel-windows-ix86+x86_64 0.0.6 76.00 274.00 350.00 OK
r-patched-linux-x86_64 0.0.6 25.66 116.83 142.49 NOTE
r-patched-solaris-x86 0.0.6 251.40 OK
r-release-linux-x86_64 0.0.6 28.81 117.50 146.31 NOTE
r-release-windows-ix86+x86_64 0.0.6 82.00 173.00 255.00 OK
r-release-osx-x86_64 0.0.6 OK
r-oldrel-windows-ix86+x86_64 0.0.6 39.00 254.00 293.00 OK
r-oldrel-osx-x86_64 0.0.6 OK

Check Details

Version: 0.0.6
Check: compiled code
Result: NOTE
    File ‘neuroim/libs/neuroim.so’:
     Found no calls to: ‘R_registerRoutines’, ‘R_useDynamicSymbols’
    
    It is good practice to register native routines and to disable symbol
    search.
    
    See ‘Writing portable packages’ in the ‘Writing R Extensions’ manual.
Flavors: r-devel-linux-x86_64-debian-clang, r-devel-linux-x86_64-debian-gcc, r-devel-linux-x86_64-fedora-clang, r-devel-linux-x86_64-fedora-gcc, r-patched-linux-x86_64, r-release-linux-x86_64