CRAN Package Check Results for Package neuroim

Last updated on 2022-08-09 23:54:00 CEST.

Flavor Version Tinstall Tcheck Ttotal Status Flags
r-devel-linux-x86_64-debian-clang 0.0.6 41.77 181.85 223.62 OK
r-devel-linux-x86_64-debian-gcc 0.0.6 35.97 134.06 170.03 OK
r-devel-linux-x86_64-fedora-clang 0.0.6 292.23 NOTE
r-devel-linux-x86_64-fedora-gcc 0.0.6 276.84 NOTE
r-devel-windows-x86_64 0.0.6 153.00 224.00 377.00 OK
r-patched-linux-x86_64 0.0.6 40.80 167.55 208.35 OK
r-release-linux-x86_64 0.0.6 OK
r-release-macos-arm64 0.0.6 69.00 OK
r-release-macos-x86_64 0.0.6 128.00 OK
r-release-windows-x86_64 0.0.6 147.00 227.00 374.00 OK
r-oldrel-macos-arm64 0.0.6 85.00 OK
r-oldrel-macos-x86_64 0.0.6 167.00 OK
r-oldrel-windows-ix86+x86_64 0.0.6 91.00 260.00 351.00 OK

Check Details

Version: 0.0.6
Check: compiled code
Result: NOTE
    File ‘neuroim/libs/neuroim.so’:
     Found no calls to: ‘R_registerRoutines’, ‘R_useDynamicSymbols’
    
    It is good practice to register native routines and to disable symbol
    search.
    
    See ‘Writing portable packages’ in the ‘Writing R Extensions’ manual.
Flavors: r-devel-linux-x86_64-fedora-clang, r-devel-linux-x86_64-fedora-gcc