CRAN Package Check Results for Package neuroim

Last updated on 2018-05-23 20:48:40 CEST.

Flavor Version Tinstall Tcheck Ttotal Status Flags
r-devel-linux-x86_64-debian-clang 0.0.6 34.36 132.57 166.93 NOTE
r-devel-linux-x86_64-debian-gcc 0.0.6 0.49 1.64 2.13 ERROR
r-devel-linux-x86_64-fedora-clang 0.0.6 208.01 NOTE
r-devel-linux-x86_64-fedora-gcc 0.0.6 198.04 NOTE
r-devel-windows-ix86+x86_64 0.0.6 55.00 254.00 309.00 OK
r-patched-linux-x86_64 0.0.6 29.96 115.57 145.53 NOTE
r-patched-solaris-x86 0.0.6 252.40 OK
r-release-linux-x86_64 0.0.6 27.51 114.09 141.60 NOTE
r-release-windows-ix86+x86_64 0.0.6 73.00 227.00 300.00 OK
r-release-osx-x86_64 0.0.6 OK
r-oldrel-windows-ix86+x86_64 0.0.6 58.00 245.00 303.00 OK
r-oldrel-osx-x86_64 0.0.6 OK

Check Details

Version: 0.0.6
Check: compiled code
Result: NOTE
    File ‘neuroim/libs/neuroim.so’:
     Found no calls to: ‘R_registerRoutines’, ‘R_useDynamicSymbols’
    
    It is good practice to register native routines and to disable symbol
    search.
    
    See ‘Writing portable packages’ in the ‘Writing R Extensions’ manual.
Flavors: r-devel-linux-x86_64-debian-clang, r-devel-linux-x86_64-fedora-clang, r-devel-linux-x86_64-fedora-gcc, r-patched-linux-x86_64, r-release-linux-x86_64

Version: 0.0.6
Check: package dependencies
Result: ERROR
    Packages required but not available: ‘readr’ ‘rgl’
    
    See section ‘The DESCRIPTION file’ in the ‘Writing R Extensions’
    manual.
Flavor: r-devel-linux-x86_64-debian-gcc