CRAN Package Check Results for Package neuroim

Last updated on 2018-11-13 01:46:29 CET.

Flavor Version Tinstall Tcheck Ttotal Status Flags
r-devel-linux-x86_64-debian-clang 0.0.6 28.65 140.70 169.35 OK
r-devel-linux-x86_64-debian-gcc 0.0.6 26.40 109.85 136.25 OK
r-devel-linux-x86_64-fedora-clang 0.0.6 211.88 NOTE
r-devel-linux-x86_64-fedora-gcc 0.0.6 199.23 NOTE
r-devel-windows-ix86+x86_64 0.0.6 48.00 257.00 305.00 OK
r-patched-linux-x86_64 0.0.6 31.93 117.01 148.94 OK
r-patched-solaris-x86 0.0.6 259.30 OK
r-release-linux-x86_64 0.0.6 30.04 115.46 145.50 OK
r-release-windows-ix86+x86_64 0.0.6 70.00 237.00 307.00 OK
r-release-osx-x86_64 0.0.6 OK
r-oldrel-windows-ix86+x86_64 0.0.6 64.00 175.00 239.00 OK
r-oldrel-osx-x86_64 0.0.6 OK

Check Details

Version: 0.0.6
Check: compiled code
Result: NOTE
    File ‘neuroim/libs/neuroim.so’:
     Found no calls to: ‘R_registerRoutines’, ‘R_useDynamicSymbols’
    
    It is good practice to register native routines and to disable symbol
    search.
    
    See ‘Writing portable packages’ in the ‘Writing R Extensions’ manual.
Flavors: r-devel-linux-x86_64-fedora-clang, r-devel-linux-x86_64-fedora-gcc