CRAN Package Check Results for Package ngramr

Last updated on 2022-08-12 03:53:32 CEST.

Flavor Version Tinstall Tcheck Ttotal Status Flags
r-devel-linux-x86_64-debian-clang 1.7.5 6.18 63.72 69.90 OK
r-devel-linux-x86_64-debian-gcc 1.7.5 4.25 46.58 50.83 OK
r-devel-linux-x86_64-fedora-clang 1.7.5 100.15 NOTE
r-devel-linux-x86_64-fedora-gcc 1.7.5 89.69 NOTE
r-devel-windows-x86_64 1.7.5 10.00 90.00 100.00 OK
r-patched-linux-x86_64 1.7.5 4.28 59.35 63.63 OK
r-release-linux-x86_64 1.7.5 4.89 58.55 63.44 OK
r-release-macos-arm64 1.7.5 33.00 NOTE
r-release-macos-x86_64 1.7.5 52.00 NOTE
r-release-windows-x86_64 1.7.5 16.00 90.00 106.00 OK
r-oldrel-macos-arm64 1.7.5 31.00 NOTE
r-oldrel-macos-x86_64 1.7.5 49.00 NOTE
r-oldrel-windows-ix86+x86_64 1.7.5 16.00 77.00 93.00 OK

Check Details

Version: 1.7.5
Check: dependencies in R code
Result: NOTE
    Namespace in Imports field not imported from: ‘lifecycle’
     All declared Imports should be used.
Flavors: r-devel-linux-x86_64-fedora-clang, r-devel-linux-x86_64-fedora-gcc, r-release-macos-arm64, r-release-macos-x86_64, r-oldrel-macos-arm64, r-oldrel-macos-x86_64