CRAN Package Check Results for Package nhanesA

Last updated on 2019-02-22 21:57:50 CET.

Flavor Version Tinstall Tcheck Ttotal Status Flags
r-devel-linux-x86_64-debian-clang 0.6.5 7.27 118.38 125.65 OK
r-devel-linux-x86_64-debian-gcc 0.6.5 5.66 92.16 97.82 OK
r-devel-linux-x86_64-fedora-clang 0.6.5 147.14 OK
r-devel-linux-x86_64-fedora-gcc 0.6.5 142.07 OK
r-devel-windows-ix86+x86_64 0.6.5 22.00 356.00 378.00 OK
r-patched-linux-x86_64 0.6.5 6.79 117.42 124.21 OK
r-patched-solaris-x86 0.6.5 212.20 WARN
r-release-linux-x86_64 0.6.5 OK
r-release-windows-ix86+x86_64 0.6.5 18.00 410.00 428.00 OK
r-release-osx-x86_64 0.6.5 OK
r-oldrel-windows-ix86+x86_64 0.6.5 11.00 360.00 371.00 OK
r-oldrel-osx-x86_64 0.6.5 OK

Check Details

Version: 0.6.5
Check: re-building of vignette outputs
Result: WARN
    Error in re-building vignettes:
     ...
    Warning in engine$weave(file, quiet = quiet, encoding = enc) :
     Pandoc (>= 1.12.3) and/or pandoc-citeproc not available. Falling back to R Markdown v1.
    Quitting from lines 92-98 (Introducing_nhanesA.Rmd)
    Error: processing vignette 'Introducing_nhanesA.Rmd' failed with diagnostics:
    Timeout was reached: Operation timed out after 10000 milliseconds with 0 out of 0 bytes received
    Execution halted
Flavor: r-patched-solaris-x86