CRAN Package Check Results for Package nhanesA

Last updated on 2018-10-24 02:49:01 CEST.

Flavor Version Tinstall Tcheck Ttotal Status Flags
r-devel-linux-x86_64-debian-clang 0.6.5 8.34 129.58 137.92 OK
r-devel-linux-x86_64-debian-gcc 0.6.5 6.41 102.34 108.75 OK
r-devel-linux-x86_64-fedora-clang 0.6.5 153.91 OK
r-devel-linux-x86_64-fedora-gcc 0.6.5 139.34 OK
r-devel-windows-ix86+x86_64 0.6.5 20.00 377.00 397.00 OK
r-patched-linux-x86_64 0.6.5 5.33 116.13 121.46 OK
r-patched-solaris-x86 0.6.5 199.00 WARN
r-release-linux-x86_64 0.6.5 6.02 117.22 123.24 ERROR
r-release-windows-ix86+x86_64 0.6.5 12.00 341.00 353.00 WARN
r-release-osx-x86_64 0.6.5 OK
r-oldrel-windows-ix86+x86_64 0.6.5 10.00 329.00 339.00 OK
r-oldrel-osx-x86_64 0.6.5 OK

Check Details

Version: 0.6.5
Check: re-building of vignette outputs
Result: WARN
    Error in re-building vignettes:
     ...
    Warning in engine$weave(file, quiet = quiet, encoding = enc) :
     Pandoc (>= 1.12.3) and/or pandoc-citeproc not available. Falling back to R Markdown v1.
    Quitting from lines 92-98 (Introducing_nhanesA.Rmd)
    Error: processing vignette 'Introducing_nhanesA.Rmd' failed with diagnostics:
    Timeout was reached: Operation timed out after 10000 milliseconds with 0 out of 0 bytes received
    Execution halted
Flavor: r-patched-solaris-x86

Version: 0.6.5
Check: package dependencies
Result: ERROR
    Package required but not available: ‘Hmisc’
    
    See section ‘The DESCRIPTION file’ in the ‘Writing R Extensions’
    manual.
Flavor: r-release-linux-x86_64

Version: 0.6.5
Check: whether package can be installed
Result: WARN
    Found the following significant warnings:
     Warning: S3 methods '[.fun_list', '[.grouped_df', 'all.equal.tbl_df', 'anti_join.data.frame', 'anti_join.tbl_df', 'arrange.data.frame', 'arrange.default', 'arrange.grouped_df', 'arrange.tbl_df', 'arrange_.data.frame', 'arrange_.tbl_df', 'as.data.frame.grouped_df', 'as.data.frame.rowwise_df', 'as.data.frame.tbl_cube', 'as.data.frame.tbl_df', 'as.table.tbl_cube', 'as.tbl.data.frame', 'as.tbl.tbl', 'as.tbl_cube.array', 'as.tbl_cube.data.frame', 'as.tbl_cube.matrix', 'as.tbl_cube.table', 'as_data_frame.grouped_df', 'as_data_frame.tbl_cube', 'auto_copy.tbl_cube', 'auto_copy.tbl_df', 'cbind.grouped_df', 'collapse.data.frame', 'collect.data.frame', 'common_by.NULL', 'common_by.character', 'common_by.default', 'common_by.list', 'compute.data.frame', 'copy_to.DBIConnection', 'copy_to.src_local', 'default_missing.data.frame', 'default_missing.default', 'dim.tbl_cube', 'distinct.data.frame', 'distinct.default', 'distinct.grouped_df', 'distinct.tbl_df', 'distinct_.data.frame', 'distinct_.grouped_df', 'dist [... truncated]
Flavor: r-release-windows-ix86+x86_64