CRAN Package Check Results for Package nhanesA

Last updated on 2018-08-18 12:50:14 CEST.

Flavor Version Tinstall Tcheck Ttotal Status Flags
r-devel-linux-x86_64-debian-clang 0.6.4.4 6.67 130.21 136.88 OK
r-devel-linux-x86_64-debian-gcc 0.6.4.4 5.70 101.53 107.23 OK
r-devel-linux-x86_64-fedora-clang 0.6.4.4 466.27 OK
r-devel-linux-x86_64-fedora-gcc 0.6.4.4 465.93 OK
r-devel-windows-ix86+x86_64 0.6.4.4 21.00 346.00 367.00 WARN
r-patched-linux-x86_64 0.6.4.4 5.50 116.37 121.87 OK
r-patched-solaris-x86 0.6.4.4 240.80 OK
r-release-linux-x86_64 0.6.4.4 6.25 116.91 123.16 OK
r-release-windows-ix86+x86_64 0.6.4.4 12.00 349.00 361.00 WARN
r-release-osx-x86_64 0.6.4.4 OK
r-oldrel-windows-ix86+x86_64 0.6.4.4 12.00 358.00 370.00 WARN
r-oldrel-osx-x86_64 0.6.4.4 OK

Check Details

Version: 0.6.4.4
Check: whether package can be installed
Result: WARN
    Found the following significant warnings:
     Warning: S3 methods '[.fun_list', '[.grouped_df', 'all.equal.tbl_df', 'anti_join.data.frame', 'anti_join.tbl_df', 'arrange.data.frame', 'arrange.default', 'arrange.grouped_df', 'arrange.tbl_df', 'arrange_.data.frame', 'arrange_.tbl_df', 'as.data.frame.grouped_df', 'as.data.frame.rowwise_df', 'as.data.frame.tbl_cube', 'as.data.frame.tbl_df', 'as.table.tbl_cube', 'as.tbl.data.frame', 'as.tbl.tbl', 'as.tbl_cube.array', 'as.tbl_cube.data.frame', 'as.tbl_cube.matrix', 'as.tbl_cube.table', 'as_data_frame.grouped_df', 'as_data_frame.tbl_cube', 'auto_copy.tbl_cube', 'auto_copy.tbl_df', 'cbind.grouped_df', 'collapse.data.frame', 'collect.data.frame', 'common_by.NULL', 'common_by.character', 'common_by.default', 'common_by.list', 'compute.data.frame', 'copy_to.DBIConnection', 'copy_to.src_local', 'default_missing.data.frame', 'default_missing.default', 'dim.tbl_cube', 'distinct.data.frame', 'distinct.default', 'distinct.grouped_df', 'distinct.tbl_df', 'distinct_.data.frame', 'distinct_.grouped_df', 'dist [... truncated]
Flavors: r-devel-windows-ix86+x86_64, r-release-windows-ix86+x86_64, r-oldrel-windows-ix86+x86_64