Last updated on 2021-03-09 06:51:01 CET.
Flavor | Version | Tinstall | Tcheck | Ttotal | Status | Flags |
---|---|---|---|---|---|---|
r-devel-linux-x86_64-debian-clang | 0.1.19 | 21.58 | 165.81 | 187.39 | OK | |
r-devel-linux-x86_64-debian-gcc | 0.1.19 | 15.92 | 122.89 | 138.81 | OK | |
r-devel-linux-x86_64-fedora-clang | 0.1.19 | 230.80 | OK | |||
r-devel-linux-x86_64-fedora-gcc | 0.1.19 | 229.44 | OK | |||
r-devel-windows-ix86+x86_64 | 0.1.19 | 45.00 | 157.00 | 202.00 | OK | |
r-devel-windows-x86_64-gcc10-UCRT | 0.1.19 | ERROR | ||||
r-patched-linux-x86_64 | 0.1.19 | 20.45 | 151.80 | 172.25 | OK | |
r-patched-solaris-x86 | 0.1.19 | 366.60 | OK | |||
r-release-linux-x86_64 | 0.1.19 | 17.74 | 153.21 | 170.95 | OK | |
r-release-macos-x86_64 | 0.1.19 | OK | ||||
r-release-windows-ix86+x86_64 | 0.1.19 | 35.00 | 194.00 | 229.00 | OK | |
r-oldrel-macos-x86_64 | 0.1.19 | OK | ||||
r-oldrel-windows-ix86+x86_64 | 0.1.19 | 29.00 | 137.00 | 166.00 | OK |
Version: 0.1.19
Check: package dependencies
Result: ERROR
Package required but not available: 'concaveman'
See section 'The DESCRIPTION file' in the 'Writing R Extensions'
manual.
Flavor: r-devel-windows-x86_64-gcc10-UCRT