CRAN Package Check Results for Package nima

Last updated on 2022-07-03 03:50:01 CEST.

Flavor Version Tinstall Tcheck Ttotal Status Flags
r-devel-linux-x86_64-debian-clang 0.6.2 7.11 64.96 72.07 NOTE
r-devel-linux-x86_64-debian-gcc 0.6.2 5.55 48.27 53.82 NOTE
r-devel-linux-x86_64-fedora-clang 0.6.2 94.66 WARN
r-devel-linux-x86_64-fedora-gcc 0.6.2 94.47 WARN
r-devel-windows-x86_64 0.6.2 20.00 91.00 111.00 NOTE
r-patched-linux-x86_64 0.6.2 6.75 60.89 67.64 NOTE
r-release-linux-x86_64 0.6.2 5.97 62.57 68.54 NOTE
r-release-macos-arm64 0.6.2 27.00 NOTE
r-release-macos-x86_64 0.6.2 46.00 NOTE
r-release-windows-x86_64 0.6.2 17.00 90.00 107.00 NOTE
r-oldrel-macos-arm64 0.6.2 31.00 NOTE
r-oldrel-macos-x86_64 0.6.2 40.00 NOTE
r-oldrel-windows-ix86+x86_64 0.6.2 16.00 87.00 103.00 NOTE

Check Details

Version: 0.6.2
Check: LazyData
Result: NOTE
     'LazyData' is specified without a 'data' directory
Flavors: r-devel-linux-x86_64-debian-clang, r-devel-linux-x86_64-debian-gcc, r-devel-linux-x86_64-fedora-clang, r-devel-linux-x86_64-fedora-gcc, r-devel-windows-x86_64, r-patched-linux-x86_64, r-release-linux-x86_64, r-release-macos-arm64, r-release-macos-x86_64, r-release-windows-x86_64, r-oldrel-macos-arm64, r-oldrel-macos-x86_64, r-oldrel-windows-ix86+x86_64

Version: 0.6.2
Check: package dependencies
Result: WARN
    Requires orphaned package: ‘gtools’
Flavors: r-devel-linux-x86_64-fedora-clang, r-devel-linux-x86_64-fedora-gcc