CRAN Package Check Results for Package nimble

Last updated on 2018-08-19 02:47:55 CEST.

Flavor Version Tinstall Tcheck Ttotal Status Flags
r-devel-linux-x86_64-debian-clang 0.6-12 165.86 185.08 350.94 OK
r-devel-linux-x86_64-debian-gcc 0.6-12 139.35 146.63 285.98 OK
r-devel-linux-x86_64-fedora-clang 0.6-12 452.79 NOTE
r-devel-linux-x86_64-fedora-gcc 0.6-12 436.03 OK
r-devel-windows-ix86+x86_64 0.6-12 398.00 249.00 647.00 NOTE
r-patched-linux-x86_64 0.6-12 181.69 182.22 363.91 OK
r-patched-solaris-x86 0.6-12 512.80 NOTE
r-release-linux-x86_64 0.6-12 172.75 182.61 355.36 OK
r-release-windows-ix86+x86_64 0.6-12 439.00 178.00 617.00 NOTE
r-release-osx-x86_64 0.6-12 NOTE
r-oldrel-windows-ix86+x86_64 0.6-12 257.00 175.00 432.00 NOTE
r-oldrel-osx-x86_64 0.6-12 NOTE

Check Details

Version: 0.6-12
Check: installed package size
Result: NOTE
     installed size is 16.0Mb
     sub-directories of 1Mb or more:
     CppCode 1.1Mb
     R 5.5Mb
     classic-bugs 1.6Mb
     include 5.8Mb
     tests 1.3Mb
Flavors: r-devel-linux-x86_64-fedora-clang, r-devel-windows-ix86+x86_64, r-patched-solaris-x86, r-release-windows-ix86+x86_64, r-release-osx-x86_64, r-oldrel-windows-ix86+x86_64, r-oldrel-osx-x86_64