CRAN Package Check Results for Package nimble

Last updated on 2022-10-07 10:53:13 CEST.

Flavor Version Tinstall Tcheck Ttotal Status Flags
r-devel-linux-x86_64-debian-clang 0.12.2 267.21 263.91 531.12 WARN
r-devel-linux-x86_64-debian-gcc 0.12.2 206.33 196.04 402.37 OK
r-devel-linux-x86_64-fedora-clang 0.12.2 708.47 WARN
r-devel-linux-x86_64-fedora-gcc 0.12.2 702.38 OK
r-devel-windows-x86_64 0.12.2 826.00 291.00 1117.00 NOTE
r-patched-linux-x86_64 0.12.2 229.24 253.20 482.44 OK
r-release-linux-x86_64 0.12.2 232.72 253.44 486.16 OK
r-release-macos-arm64 0.12.2 154.00 NOTE
r-release-macos-x86_64 0.12.2 196.00 NOTE
r-release-windows-x86_64 0.12.2 1083.00 272.00 1355.00 NOTE
r-oldrel-macos-arm64 0.12.2 160.00 NOTE
r-oldrel-macos-x86_64 0.12.2 197.00 NOTE
r-oldrel-windows-ix86+x86_64 0.12.2 483.00 309.00 792.00 NOTE

Additional issues

clang14

Check Details

Version: 0.12.2
Check: whether package can be installed
Result: WARN
    Found the following significant warnings:
     RcppUtils.cpp:48:6: warning: use of bitwise '&' with boolean operands [-Wbitwise-instead-of-logical]
     RcppNimbleUtils.cpp:298:8: warning: use of bitwise '|' with boolean operands [-Wbitwise-instead-of-logical]
     nimDists.cpp:159:6: warning: use of bitwise '|' with boolean operands [-Wbitwise-instead-of-logical]
     nimDists.cpp:189:8: warning: use of bitwise '|' with boolean operands [-Wbitwise-instead-of-logical]
     nimDists.cpp:206:6: warning: use of bitwise '|' with boolean operands [-Wbitwise-instead-of-logical]
     nimDists.cpp:236:8: warning: use of bitwise '|' with boolean operands [-Wbitwise-instead-of-logical]
     nimDists.cpp:263:6: warning: use of bitwise '|' with boolean operands [-Wbitwise-instead-of-logical]
     nimDists.cpp:315:6: warning: use of bitwise '|' with boolean operands [-Wbitwise-instead-of-logical]
     nimDists.cpp:361:6: warning: use of bitwise '|' with boolean operands [-Wbitwise-instead-of-logical]
     nimDists.cpp:380:8: warning: use of bitwise '|' with boolean operands [-Wbitwise-instead-of-logical]
     nimbleGraph.cpp:183:6: warning: use of bitwise '|' with boolean operands [-Wbitwise-instead-of-logical]
Flavors: r-devel-linux-x86_64-debian-clang, r-devel-linux-x86_64-fedora-clang

Version: 0.12.2
Check: installed package size
Result: NOTE
     installed size is 16.1Mb
     sub-directories of 1Mb or more:
     CppCode 1.2Mb
     R 6.3Mb
     classic-bugs 1.6Mb
     include 5.9Mb
Flavors: r-devel-linux-x86_64-fedora-clang, r-devel-windows-x86_64, r-release-macos-arm64, r-release-macos-x86_64, r-release-windows-x86_64, r-oldrel-macos-arm64, r-oldrel-macos-x86_64, r-oldrel-windows-ix86+x86_64