CRAN Package Check Results for Package nimble

Last updated on 2018-11-17 15:47:33 CET.

Flavor Version Tinstall Tcheck Ttotal Status Flags
r-devel-linux-x86_64-debian-clang 0.6-12 161.06 183.25 344.31 OK
r-devel-linux-x86_64-debian-gcc 0.6-12 134.99 142.94 277.93 OK
r-devel-linux-x86_64-fedora-clang 0.6-12 470.37 NOTE
r-devel-linux-x86_64-fedora-gcc 0.6-12 428.61 OK
r-devel-windows-ix86+x86_64 0.6-12 380.00 192.00 572.00 NOTE
r-patched-linux-x86_64 0.6-12 172.94 183.99 356.93 OK
r-patched-solaris-x86 0.6-12 507.40 NOTE
r-release-linux-x86_64 0.6-12 182.09 181.46 363.55 OK
r-release-windows-ix86+x86_64 0.6-12 432.00 184.00 616.00 NOTE
r-release-osx-x86_64 0.6-12 NOTE
r-oldrel-windows-ix86+x86_64 0.6-12 324.00 197.00 521.00 NOTE
r-oldrel-osx-x86_64 0.6-12 NOTE

Additional issues

rchk

Check Details

Version: 0.6-12
Check: installed package size
Result: NOTE
     installed size is 16.0Mb
     sub-directories of 1Mb or more:
     CppCode 1.1Mb
     R 5.5Mb
     classic-bugs 1.6Mb
     include 5.8Mb
     tests 1.3Mb
Flavors: r-devel-linux-x86_64-fedora-clang, r-devel-windows-ix86+x86_64, r-patched-solaris-x86, r-release-windows-ix86+x86_64, r-release-osx-x86_64, r-oldrel-windows-ix86+x86_64, r-oldrel-osx-x86_64