CRAN Package Check Results for Package nimble

Last updated on 2019-02-17 21:47:41 CET.

Flavor Version Tinstall Tcheck Ttotal Status Flags
r-devel-linux-x86_64-debian-clang 0.7.0 170.43 197.03 367.46 OK
r-devel-linux-x86_64-debian-gcc 0.7.0 140.00 150.28 290.28 OK
r-devel-linux-x86_64-fedora-clang 0.7.0 270.35 ERROR
r-devel-linux-x86_64-fedora-gcc 0.7.0 463.07 OK
r-devel-windows-ix86+x86_64 0.7.0 416.00 183.00 599.00 NOTE
r-patched-linux-x86_64 0.7.0 170.62 189.41 360.03 OK
r-patched-solaris-x86 0.7.0 524.70 NOTE
r-release-linux-x86_64 0.7.0 OK
r-release-windows-ix86+x86_64 0.7.0 300.00 263.00 563.00 NOTE
r-release-osx-x86_64 0.7.0 NOTE
r-oldrel-windows-ix86+x86_64 0.7.0 264.00 214.00 478.00 NOTE
r-oldrel-osx-x86_64 0.7.0 NOTE

Check Details

Version: 0.7.0
Check: whether package can be installed
Result: ERROR
    Installation failed.
Flavor: r-devel-linux-x86_64-fedora-clang

Version: 0.7.0
Check: installed package size
Result: NOTE
     installed size is 18.6Mb
     sub-directories of 1Mb or more:
     CppCode 2.5Mb
     R 5.7Mb
     include 5.6Mb
     libs 1.8Mb
     tests 1.5Mb
Flavors: r-devel-windows-ix86+x86_64, r-patched-solaris-x86, r-release-windows-ix86+x86_64, r-release-osx-x86_64, r-oldrel-windows-ix86+x86_64, r-oldrel-osx-x86_64