CRAN Package Check Results for Package nimble

Last updated on 2021-01-26 18:50:48 CET.

Flavor Version Tinstall Tcheck Ttotal Status Flags
r-devel-linux-x86_64-debian-clang 0.10.1 248.43 233.87 482.30 OK
r-devel-linux-x86_64-debian-gcc 0.10.1 181.82 175.70 357.52 OK
r-devel-linux-x86_64-fedora-clang 0.10.1 628.38 NOTE
r-devel-linux-x86_64-fedora-gcc 0.10.1 593.39 OK
r-devel-windows-ix86+x86_64 0.10.1 438.00 248.00 686.00 NOTE
r-patched-linux-x86_64 0.10.1 209.13 216.45 425.58 OK
r-patched-solaris-x86 0.10.1 878.30 NOTE
r-release-linux-x86_64 0.10.1 216.91 220.33 437.24 OK
r-release-macos-x86_64 0.10.1 NOTE
r-release-windows-ix86+x86_64 0.10.1 442.00 215.00 657.00 NOTE
r-oldrel-macos-x86_64 0.10.1 NOTE
r-oldrel-windows-ix86+x86_64 0.10.1 356.00 260.00 616.00 NOTE

Check Details

Version: 0.10.1
Check: installed package size
Result: NOTE
     installed size is 33.7Mb
     sub-directories of 1Mb or more:
     CppCode 1.1Mb
     R 5.7Mb
     classic-bugs 1.6Mb
     include 5.7Mb
     libs 17.1Mb
     tests 1.9Mb
Flavors: r-devel-linux-x86_64-fedora-clang, r-devel-windows-ix86+x86_64, r-patched-solaris-x86, r-release-macos-x86_64, r-release-windows-ix86+x86_64, r-oldrel-macos-x86_64, r-oldrel-windows-ix86+x86_64