CRAN Package Check Results for Package nimble

Last updated on 2018-05-25 04:50:29 CEST.

Flavor Version Tinstall Tcheck Ttotal Status Flags
r-devel-linux-x86_64-debian-clang 0.6-10 168.46 151.23 319.69 OK
r-devel-linux-x86_64-debian-gcc 0.6-10 137.95 134.24 272.19 OK
r-devel-linux-x86_64-fedora-clang 0.6-10 468.35 NOTE
r-devel-linux-x86_64-fedora-gcc 0.6-10 410.65 NOTE
r-devel-windows-ix86+x86_64 0.6-10 278.00 181.00 459.00 NOTE
r-patched-linux-x86_64 0.6-10 165.00 171.20 336.20 OK
r-patched-solaris-x86 0.6-10 499.00 NOTE
r-release-linux-x86_64 0.6-10 170.30 172.00 342.30 OK
r-release-windows-ix86+x86_64 0.6-10 411.00 222.00 633.00 NOTE
r-release-osx-x86_64 0.6-10 NOTE
r-oldrel-windows-ix86+x86_64 0.6-10 304.00 172.00 476.00 NOTE
r-oldrel-osx-x86_64 0.6-10 NOTE

Check Details

Version: 0.6-10
Check: installed package size
Result: NOTE
     installed size is 16.2Mb
     sub-directories of 1Mb or more:
     CppCode 1.1Mb
     R 5.8Mb
     classic-bugs 1.6Mb
     include 5.8Mb
     tests 1.3Mb
Flavors: r-devel-linux-x86_64-fedora-clang, r-devel-linux-x86_64-fedora-gcc, r-devel-windows-ix86+x86_64, r-patched-solaris-x86, r-release-windows-ix86+x86_64, r-release-osx-x86_64, r-oldrel-windows-ix86+x86_64, r-oldrel-osx-x86_64

Version: 0.6-10
Check: package dependencies
Result: NOTE
    Package suggested but not available for checking: ‘tensorflow’
Flavor: r-patched-solaris-x86