CRAN Package Check Results for Package nlcv

Last updated on 2018-02-24 00:47:47 CET.

Flavor Version Tinstall Tcheck Ttotal Status Flags
r-devel-linux-x86_64-debian-clang 0.3.2 16.00 247.99 263.99 OK
r-devel-linux-x86_64-debian-gcc 0.3.2 13.76 199.69 213.45 OK
r-devel-windows-ix86+x86_64 0.3.2 40.00 329.00 369.00 OK
r-patched-linux-x86_64 0.3.2 13.51 247.96 261.47 OK
r-patched-solaris-x86 0.3.2 465.60 OK
r-release-linux-x86_64 0.3.2 16.78 244.21 260.99 OK
r-release-windows-ix86+x86_64 0.3.2 48.00 357.00 405.00 OK
r-release-osx-x86_64 0.3.2 ERROR
r-oldrel-windows-ix86+x86_64 0.3.2 31.00 358.00 389.00 OK
r-oldrel-osx-x86_64 0.3.2 OK

Check Details

Version: 0.3.2
Check: package dependencies
Result: ERROR
    Packages required but not available: ‘a4Core’ ‘MLInterfaces’
    
    See section ‘The DESCRIPTION file’ in the ‘Writing R Extensions’
    manual.
Flavor: r-release-osx-x86_64