CRAN Package Check Results for Package nlcv

Last updated on 2018-11-21 13:48:35 CET.

Flavor Version Tinstall Tcheck Ttotal Status Flags
r-devel-linux-x86_64-debian-clang 0.3.5 18.12 260.60 278.72 OK
r-devel-linux-x86_64-debian-gcc 0.3.5 17.05 203.06 220.11 OK
r-devel-linux-x86_64-fedora-clang 0.3.5 330.73 OK
r-devel-linux-x86_64-fedora-gcc 0.3.5 318.73 OK
r-devel-windows-ix86+x86_64 0.3.5 39.00 10.00 49.00 ERROR
r-patched-linux-x86_64 0.3.5 17.71 249.84 267.55 OK
r-patched-solaris-x86 0.3.5 502.70 OK
r-release-linux-x86_64 0.3.5 14.03 251.18 265.21 OK
r-release-windows-ix86+x86_64 0.3.5 30.00 7.00 37.00 ERROR
r-release-osx-x86_64 0.3.5 OK
r-oldrel-windows-ix86+x86_64 0.3.5 10.00 6.00 16.00 ERROR
r-oldrel-osx-x86_64 0.3.5 OK

Check Details

Version: 0.3.5
Check: whether package can be installed
Result: ERROR
    Installation failed.
Flavors: r-devel-windows-ix86+x86_64, r-release-windows-ix86+x86_64, r-oldrel-windows-ix86+x86_64