CRAN Package Check Results for Package nlcv

Last updated on 2018-08-20 15:51:47 CEST.

Flavor Version Tinstall Tcheck Ttotal Status Flags
r-devel-linux-x86_64-debian-clang 0.3.5 20.48 315.25 335.73 OK
r-devel-linux-x86_64-debian-gcc 0.3.5 16.52 251.28 267.80 OK
r-devel-linux-x86_64-fedora-clang 0.3.5 396.96 OK
r-devel-linux-x86_64-fedora-gcc 0.3.5 398.15 OK
r-devel-windows-ix86+x86_64 0.3.5 49.00 432.00 481.00 OK
r-patched-linux-x86_64 0.3.5 16.66 247.56 264.22 OK
r-patched-solaris-x86 0.3.5 504.30 OK
r-release-linux-x86_64 0.3.5 16.31 248.25 264.56 OK
r-release-windows-ix86+x86_64 0.3.5 47.00 252.00 299.00 OK
r-release-osx-x86_64 0.3.5 OK
r-oldrel-windows-ix86+x86_64 0.3.5 30.00 352.00 382.00 ERROR
r-oldrel-osx-x86_64 0.3.5 OK

Check Details

Version: 0.3.5
Check: whether package can be installed
Result: ERROR
    Installation failed.
Flavor: r-oldrel-windows-ix86+x86_64