CRAN Package Check Results for Package nlsMicrobio

Last updated on 2019-10-20 14:47:00 CEST.

Flavor Version Tinstall Tcheck Ttotal Status Flags
r-devel-linux-x86_64-debian-clang 0.0-1 1.74 22.38 24.12 NOTE
r-devel-linux-x86_64-debian-gcc 0.0-1 1.51 17.85 19.36 NOTE
r-devel-linux-x86_64-fedora-clang 0.0-1 30.21 NOTE
r-devel-linux-x86_64-fedora-gcc 0.0-1 30.45 NOTE
r-devel-windows-ix86+x86_64 0.0-1 10.00 33.00 43.00 NOTE
r-patched-linux-x86_64 0.0-1 1.29 21.90 23.19 NOTE
r-patched-solaris-x86 0.0-1 43.00 NOTE
r-release-linux-x86_64 0.0-1 1.28 21.81 23.09 NOTE
r-release-windows-ix86+x86_64 0.0-1 5.00 50.00 55.00 NOTE
r-release-osx-x86_64 0.0-1 NOTE
r-oldrel-windows-ix86+x86_64 0.0-1 3.00 32.00 35.00 NOTE
r-oldrel-osx-x86_64 0.0-1 NOTE

Check Details

Version: 0.0-1
Check: DESCRIPTION meta-information
Result: NOTE
    Malformed Description field: should contain one or more complete sentences.
Flavors: r-devel-linux-x86_64-debian-clang, r-devel-linux-x86_64-debian-gcc, r-devel-linux-x86_64-fedora-clang, r-devel-linux-x86_64-fedora-gcc, r-devel-windows-ix86+x86_64, r-patched-linux-x86_64, r-patched-solaris-x86, r-release-linux-x86_64, r-release-windows-ix86+x86_64, r-release-osx-x86_64, r-oldrel-windows-ix86+x86_64, r-oldrel-osx-x86_64