CRAN Package Check Results for Package nlsMicrobio

Last updated on 2020-05-29 17:49:11 CEST.

Flavor Version Tinstall Tcheck Ttotal Status Flags
r-devel-linux-x86_64-debian-clang 0.0-1 2.00 24.20 26.20 NOTE
r-devel-linux-x86_64-debian-gcc 0.0-1 1.52 19.09 20.61 NOTE
r-devel-linux-x86_64-fedora-clang 0.0-1 32.29 NOTE
r-devel-linux-x86_64-fedora-gcc 0.0-1 31.59 NOTE
r-devel-windows-ix86+x86_64 0.0-1 8.00 35.00 43.00 NOTE
r-patched-linux-x86_64 0.0-1 1.70 24.52 26.22 NOTE
r-patched-solaris-x86 0.0-1 46.60 NOTE
r-release-linux-x86_64 0.0-1 1.94 24.21 26.15 NOTE
r-release-osx-x86_64 0.0-1 NOTE
r-release-windows-ix86+x86_64 0.0-1 5.00 42.00 47.00 NOTE
r-oldrel-osx-x86_64 0.0-1 NOTE
r-oldrel-windows-ix86+x86_64 0.0-1 5.00 50.00 55.00 NOTE

Check Details

Version: 0.0-1
Check: DESCRIPTION meta-information
Result: NOTE
    Malformed Description field: should contain one or more complete sentences.
Flavors: r-devel-linux-x86_64-debian-clang, r-devel-linux-x86_64-debian-gcc, r-devel-linux-x86_64-fedora-clang, r-devel-linux-x86_64-fedora-gcc, r-devel-windows-ix86+x86_64, r-patched-linux-x86_64, r-patched-solaris-x86, r-release-linux-x86_64, r-release-osx-x86_64, r-release-windows-ix86+x86_64, r-oldrel-osx-x86_64, r-oldrel-windows-ix86+x86_64