CRAN Package Check Results for Package nlsem

Last updated on 2024-07-14 19:49:39 CEST.

Flavor Version Tinstall Tcheck Ttotal Status Flags
r-devel-linux-x86_64-debian-clang 0.8-1 7.27 54.75 62.02 NOTE
r-devel-linux-x86_64-debian-gcc 0.8-1 4.73 41.98 46.71 NOTE
r-devel-linux-x86_64-fedora-clang 0.8-1 78.34 NOTE
r-devel-linux-x86_64-fedora-gcc 0.8-1 74.27 NOTE
r-devel-windows-x86_64 0.8-1 6.00 63.00 69.00 NOTE
r-patched-linux-x86_64 0.8-1 5.96 53.99 59.95 NOTE
r-release-linux-x86_64 0.8-1 7.45 52.61 60.06 NOTE
r-release-macos-arm64 0.8-1 25.00 NOTE
r-release-macos-x86_64 0.8-1 50.00 NOTE
r-release-windows-x86_64 0.8-1 7.00 62.00 69.00 NOTE
r-oldrel-macos-arm64 0.8-1 28.00 OK
r-oldrel-macos-x86_64 0.8-1 58.00 OK
r-oldrel-windows-x86_64 0.8-1 8.00 69.00 77.00 OK

Check Details

Version: 0.8-1
Check: Rd files
Result: NOTE checkRd: (-1) anova.Rd:19: Lost braces 19 | Returns an object of class code{anova}. These objects represent | ^ Flavors: r-devel-linux-x86_64-debian-clang, r-devel-linux-x86_64-debian-gcc, r-devel-linux-x86_64-fedora-clang, r-devel-linux-x86_64-fedora-gcc, r-devel-windows-x86_64, r-patched-linux-x86_64, r-release-linux-x86_64, r-release-macos-arm64, r-release-macos-x86_64, r-release-windows-x86_64