CRAN Package Check Results for Package nlstac

Last updated on 2022-12-07 10:50:04 CET.

Flavor Version Tinstall Tcheck Ttotal Status Flags
r-devel-linux-x86_64-debian-clang 0.1.0 3.22 38.35 41.57 NOTE
r-devel-linux-x86_64-debian-gcc 0.1.0 3.17 29.74 32.91 NOTE
r-devel-linux-x86_64-fedora-clang 0.1.0 55.48 NOTE
r-devel-linux-x86_64-fedora-gcc 0.1.0 60.64 NOTE
r-devel-windows-x86_64 0.1.0 11.00 67.00 78.00 NOTE
r-patched-linux-x86_64 0.1.0 4.11 35.84 39.95 NOTE
r-release-linux-x86_64 0.1.0 3.26 36.30 39.56 NOTE
r-release-macos-arm64 0.1.0 20.00 NOTE
r-release-macos-x86_64 0.1.0 26.00 NOTE
r-release-windows-x86_64 0.1.0 11.00 64.00 75.00 NOTE
r-oldrel-macos-arm64 0.1.0 26.00 NOTE
r-oldrel-macos-x86_64 0.1.0 30.00 NOTE
r-oldrel-windows-ix86+x86_64 0.1.0 6.00 56.00 62.00 NOTE

Check Details

Version: 0.1.0
Check: LazyData
Result: NOTE
     'LazyData' is specified without a 'data' directory
Flavors: r-devel-linux-x86_64-debian-clang, r-devel-linux-x86_64-debian-gcc, r-devel-linux-x86_64-fedora-clang, r-devel-linux-x86_64-fedora-gcc, r-devel-windows-x86_64, r-patched-linux-x86_64, r-release-linux-x86_64, r-release-macos-arm64, r-release-macos-x86_64, r-release-windows-x86_64, r-oldrel-macos-arm64, r-oldrel-macos-x86_64, r-oldrel-windows-ix86+x86_64