CRAN Package Check Results for Package nmfgpu4R

Last updated on 2018-08-21 08:49:02 CEST.

Flavor Version Tinstall Tcheck Ttotal Status Flags
r-devel-linux-x86_64-debian-clang 0.2.5.2 31.33 61.22 92.55 NOTE
r-devel-linux-x86_64-debian-gcc 0.2.5.2 27.90 49.76 77.66 NOTE
r-devel-linux-x86_64-fedora-clang 0.2.5.2 124.22 NOTE
r-devel-linux-x86_64-fedora-gcc 0.2.5.2 118.33 NOTE
r-devel-windows-ix86+x86_64 0.2.5.2 91.00 132.00 223.00 OK
r-patched-linux-x86_64 0.2.5.2 34.20 51.02 85.22 NOTE
r-patched-solaris-x86 0.2.5.2 139.10 OK
r-release-linux-x86_64 0.2.5.2 34.82 50.85 85.67 NOTE
r-release-windows-ix86+x86_64 0.2.5.2 90.00 83.00 173.00 OK
r-release-osx-x86_64 0.2.5.2 OK
r-oldrel-windows-ix86+x86_64 0.2.5.2 74.00 113.00 187.00 OK
r-oldrel-osx-x86_64 0.2.5.2 OK

Check Details

Version: 0.2.5.2
Check: compiled code
Result: NOTE
    File ‘nmfgpu4R/libs/nmfgpu4R.so’:
     Found no calls to: ‘R_registerRoutines’, ‘R_useDynamicSymbols’
    
    It is good practice to register native routines and to disable symbol
    search.
    
    See ‘Writing portable packages’ in the ‘Writing R Extensions’ manual.
Flavors: r-devel-linux-x86_64-debian-clang, r-devel-linux-x86_64-debian-gcc, r-devel-linux-x86_64-fedora-clang, r-devel-linux-x86_64-fedora-gcc, r-patched-linux-x86_64, r-release-linux-x86_64