CRAN Package Check Results for Package nmfgpu4R

Last updated on 2018-05-21 15:46:51 CEST.

Flavor Version Tinstall Tcheck Ttotal Status Flags
r-devel-linux-x86_64-debian-clang 0.2.5.2 31.26 50.09 81.35 NOTE
r-devel-linux-x86_64-debian-gcc 0.2.5.2 28.35 47.18 75.53 NOTE
r-devel-linux-x86_64-fedora-clang 0.2.5.2 127.45 NOTE
r-devel-linux-x86_64-fedora-gcc 0.2.5.2 114.70 NOTE
r-devel-windows-ix86+x86_64 0.2.5.2 95.00 98.00 193.00 OK
r-patched-linux-x86_64 0.2.5.2 30.23 50.28 80.51 NOTE
r-patched-solaris-x86 0.2.5.2 142.10 OK
r-release-linux-x86_64 0.2.5.2 30.75 50.01 80.76 NOTE
r-release-windows-ix86+x86_64 0.2.5.2 92.00 127.00 219.00 OK
r-release-osx-x86_64 0.2.5.2 OK
r-oldrel-windows-ix86+x86_64 0.2.5.2 94.00 112.00 206.00 OK
r-oldrel-osx-x86_64 0.2.5.2 OK

Check Details

Version: 0.2.5.2
Check: compiled code
Result: NOTE
    File ‘nmfgpu4R/libs/nmfgpu4R.so’:
     Found no calls to: ‘R_registerRoutines’, ‘R_useDynamicSymbols’
    
    It is good practice to register native routines and to disable symbol
    search.
    
    See ‘Writing portable packages’ in the ‘Writing R Extensions’ manual.
Flavors: r-devel-linux-x86_64-debian-clang, r-devel-linux-x86_64-debian-gcc, r-devel-linux-x86_64-fedora-clang, r-devel-linux-x86_64-fedora-gcc, r-patched-linux-x86_64, r-release-linux-x86_64