CRAN Package Check Results for Package nmfgpu4R

Last updated on 2018-11-15 06:47:30 CET.

Flavor Version Tinstall Tcheck Ttotal Status Flags
r-devel-linux-x86_64-debian-clang 0.2.5.2 31.52 62.40 93.92 OK
r-devel-linux-x86_64-debian-gcc 0.2.5.2 29.83 49.77 79.60 OK
r-devel-linux-x86_64-fedora-clang 0.2.5.2 127.31 NOTE
r-devel-linux-x86_64-fedora-gcc 0.2.5.2 117.02 NOTE
r-devel-windows-ix86+x86_64 0.2.5.2 72.00 133.00 205.00 OK
r-patched-linux-x86_64 0.2.5.2 36.99 51.11 88.10 OK
r-patched-solaris-x86 0.2.5.2 145.70 OK
r-release-linux-x86_64 0.2.5.2 33.86 50.88 84.74 OK
r-release-windows-ix86+x86_64 0.2.5.2 99.00 114.00 213.00 OK
r-release-osx-x86_64 0.2.5.2 OK
r-oldrel-windows-ix86+x86_64 0.2.5.2 107.00 81.00 188.00 OK
r-oldrel-osx-x86_64 0.2.5.2 OK

Check Details

Version: 0.2.5.2
Check: compiled code
Result: NOTE
    File ‘nmfgpu4R/libs/nmfgpu4R.so’:
     Found no calls to: ‘R_registerRoutines’, ‘R_useDynamicSymbols’
    
    It is good practice to register native routines and to disable symbol
    search.
    
    See ‘Writing portable packages’ in the ‘Writing R Extensions’ manual.
Flavors: r-devel-linux-x86_64-fedora-clang, r-devel-linux-x86_64-fedora-gcc