CRAN Package Check Results for Package nmfgpu4R

Last updated on 2018-02-26 03:49:05 CET.

Flavor Version Tinstall Tcheck Ttotal Status Flags
r-devel-linux-x86_64-debian-clang 0.2.5.2 31.49 44.57 76.06 NOTE
r-devel-linux-x86_64-debian-gcc 0.2.5.2 23.39 40.22 63.61 NOTE
r-devel-linux-x86_64-fedora-clang 0.2.5.2 118.53 NOTE
r-devel-linux-x86_64-fedora-gcc 0.2.5.2 104.44 NOTE
r-devel-windows-ix86+x86_64 0.2.5.2 100.00 109.00 209.00 OK
r-patched-linux-x86_64 0.2.5.2 32.60 51.64 84.24 NOTE
r-patched-solaris-x86 0.2.5.2 146.00 OK
r-release-linux-x86_64 0.2.5.2 29.84 50.28 80.12 NOTE
r-release-windows-ix86+x86_64 0.2.5.2 66.00 111.00 177.00 OK
r-release-osx-x86_64 0.2.5.2 OK
r-oldrel-windows-ix86+x86_64 0.2.5.2 73.00 78.00 151.00 OK
r-oldrel-osx-x86_64 0.2.5.2 OK

Check Details

Version: 0.2.5.2
Check: compiled code
Result: NOTE
    File ‘nmfgpu4R/libs/nmfgpu4R.so’:
     Found no calls to: ‘R_registerRoutines’, ‘R_useDynamicSymbols’
    
    It is good practice to register native routines and to disable symbol
    search.
    
    See ‘Writing portable packages’ in the ‘Writing R Extensions’ manual.
Flavors: r-devel-linux-x86_64-debian-clang, r-devel-linux-x86_64-debian-gcc, r-devel-linux-x86_64-fedora-clang, r-devel-linux-x86_64-fedora-gcc, r-patched-linux-x86_64, r-release-linux-x86_64