CRAN Package Check Results for Package nmslibR

Last updated on 2021-05-09 20:47:41 CEST.

Flavor Version Tinstall Tcheck Ttotal Status Flags
r-devel-linux-x86_64-debian-clang 1.0.4 36.76 81.56 118.32 NOTE
r-devel-linux-x86_64-debian-gcc 1.0.5 25.75 53.44 79.19 OK
r-devel-linux-x86_64-fedora-clang 1.0.5 143.14 OK
r-devel-linux-x86_64-fedora-gcc 1.0.5 135.66 OK
r-devel-windows-ix86+x86_64 1.0.5 89.00 134.00 223.00 NOTE
r-devel-windows-x86_64-gcc10-UCRT 1.0.4 NOTE
r-patched-linux-x86_64 1.0.4 31.73 78.83 110.56 NOTE
r-patched-solaris-x86 1.0.5 164.80 OK
r-release-linux-x86_64 1.0.5 29.34 64.56 93.90 OK
r-release-macos-x86_64 1.0.5 OK
r-release-windows-ix86+x86_64 1.0.4 70.00 173.00 243.00 NOTE
r-oldrel-macos-x86_64 1.0.5 OK
r-oldrel-windows-ix86+x86_64 1.0.4 84.00 208.00 292.00 OK

Check Details

Version: 1.0.4
Check: LazyData
Result: NOTE
     'LazyData' is specified without a 'data' directory
Flavors: r-devel-linux-x86_64-debian-clang, r-devel-windows-x86_64-gcc10-UCRT, r-patched-linux-x86_64

Version: 1.0.5
Check: installed package size
Result: NOTE
     installed size is 5.3Mb
     sub-directories of 1Mb or more:
     libs 2.2Mb
Flavor: r-devel-windows-ix86+x86_64

Version: 1.0.4
Check: dependencies in R code
Result: NOTE
    Namespace in Imports field not imported from: 'KernelKnn'
     All declared Imports should be used.
Flavor: r-devel-windows-x86_64-gcc10-UCRT

Version: 1.0.4
Check: installed package size
Result: NOTE
     installed size is 5.3Mb
     sub-directories of 1Mb or more:
     libs 2.2Mb
Flavor: r-release-windows-ix86+x86_64