CRAN Package Check Results for Package nnfor

Last updated on 2021-04-11 18:47:38 CEST.

Flavor Version Tinstall Tcheck Ttotal Status Flags
r-devel-linux-x86_64-debian-clang 0.9.6 13.86 125.30 139.16 NOTE
r-devel-linux-x86_64-debian-gcc 0.9.6 11.18 93.58 104.76 NOTE
r-devel-linux-x86_64-fedora-clang 0.9.6 177.72 NOTE
r-devel-linux-x86_64-fedora-gcc 0.9.6 161.67 NOTE
r-devel-windows-ix86+x86_64 0.9.6 32.00 105.00 137.00 NOTE
r-devel-windows-x86_64-gcc10-UCRT 0.9.6 NOTE
r-patched-linux-x86_64 0.9.6 13.30 115.20 128.50 OK
r-patched-solaris-x86 0.9.6 242.90 NOTE
r-release-linux-x86_64 0.9.6 14.13 115.69 129.82 OK
r-release-macos-x86_64 0.9.6 NOTE
r-release-windows-ix86+x86_64 0.9.6 34.00 145.00 179.00 OK
r-oldrel-macos-x86_64 0.9.6 NOTE
r-oldrel-windows-ix86+x86_64 0.9.6 30.00 138.00 168.00 OK

Check Details

Version: 0.9.6
Check: LazyData
Result: NOTE
     'LazyData' is specified without a 'data' directory
Flavors: r-devel-linux-x86_64-debian-clang, r-devel-linux-x86_64-debian-gcc, r-devel-linux-x86_64-fedora-clang, r-devel-linux-x86_64-fedora-gcc, r-devel-windows-ix86+x86_64, r-devel-windows-x86_64-gcc10-UCRT

Version: 0.9.6
Check: dependencies in R code
Result: NOTE
    Namespace in Imports field not imported from: ‘uroot’
     All declared Imports should be used.
Flavors: r-devel-linux-x86_64-fedora-clang, r-devel-linux-x86_64-fedora-gcc, r-devel-windows-x86_64-gcc10-UCRT, r-patched-solaris-x86, r-release-macos-x86_64, r-oldrel-macos-x86_64