Last updated on 2021-03-07 19:49:02 CET.
Flavor | Version | Tinstall | Tcheck | Ttotal | Status | Flags |
---|---|---|---|---|---|---|
r-devel-linux-x86_64-debian-clang | 0.4.1 | 6.43 | 73.60 | 80.03 | OK | |
r-devel-linux-x86_64-debian-gcc | 0.4.1 | 5.11 | 56.02 | 61.13 | OK | |
r-devel-linux-x86_64-fedora-clang | 0.4.1 | 109.81 | NOTE | |||
r-devel-linux-x86_64-fedora-gcc | 0.4.1 | 105.25 | NOTE | |||
r-devel-windows-ix86+x86_64 | 0.4.1 | 20.00 | 141.00 | 161.00 | OK | |
r-devel-windows-x86_64-gcc10-UCRT | 0.4.1 | NOTE | ||||
r-patched-linux-x86_64 | 0.4.1 | 6.28 | 69.81 | 76.09 | OK | |
r-patched-solaris-x86 | 0.4.1 | 126.80 | NOTE | |||
r-release-linux-x86_64 | 0.4.1 | 6.16 | 69.68 | 75.84 | OK | |
r-release-macos-x86_64 | 0.4.1 | NOTE | ||||
r-release-windows-ix86+x86_64 | 0.4.1 | 15.00 | 109.00 | 124.00 | OK | |
r-oldrel-macos-x86_64 | 0.4.1 | NOTE | ||||
r-oldrel-windows-ix86+x86_64 | 0.4.1 | 13.00 | 96.00 | 109.00 | OK |
Version: 0.4.1
Check: dependencies in R code
Result: NOTE
Namespaces in Imports field not imported from:
‘lwgeom’ ‘s2’
All declared Imports should be used.
Flavors: r-devel-linux-x86_64-fedora-clang, r-devel-linux-x86_64-fedora-gcc, r-devel-windows-x86_64-gcc10-UCRT, r-patched-solaris-x86, r-release-macos-x86_64, r-oldrel-macos-x86_64