CRAN Package Check Results for Package nnt

Last updated on 2022-08-13 09:54:30 CEST.

Flavor Version Tinstall Tcheck Ttotal Status Flags
r-devel-linux-x86_64-debian-clang 0.1.4 9.03 66.56 75.59 NOTE
r-devel-linux-x86_64-debian-gcc 0.1.4 6.76 51.45 58.21 NOTE
r-devel-linux-x86_64-fedora-clang 0.1.4 98.14 NOTE
r-devel-linux-x86_64-fedora-gcc 0.1.4 98.20 NOTE
r-devel-windows-x86_64 0.1.4 9.00 85.00 94.00 NOTE
r-patched-linux-x86_64 0.1.4 6.74 64.41 71.15 NOTE
r-release-linux-x86_64 0.1.4 5.36 64.49 69.85 NOTE
r-release-macos-arm64 0.1.4 31.00 NOTE
r-release-macos-x86_64 0.1.4 43.00 NOTE
r-release-windows-x86_64 0.1.4 14.00 89.00 103.00 NOTE
r-oldrel-macos-arm64 0.1.4 37.00 NOTE
r-oldrel-macos-x86_64 0.1.4 55.00 NOTE
r-oldrel-windows-ix86+x86_64 0.1.4 17.00 80.00 97.00 NOTE

Check Details

Version: 0.1.4
Check: LazyData
Result: NOTE
     'LazyData' is specified without a 'data' directory
Flavors: r-devel-linux-x86_64-debian-clang, r-devel-linux-x86_64-debian-gcc, r-devel-linux-x86_64-fedora-clang, r-devel-linux-x86_64-fedora-gcc, r-devel-windows-x86_64, r-patched-linux-x86_64, r-release-linux-x86_64, r-release-macos-arm64, r-release-macos-x86_64, r-release-windows-x86_64, r-oldrel-macos-arm64, r-oldrel-macos-x86_64, r-oldrel-windows-ix86+x86_64