CRAN Package Check Results for Package noaastormevents

Last updated on 2019-01-24 06:47:17 CET.

Flavor Version Tinstall Tcheck Ttotal Status Flags
r-devel-linux-x86_64-debian-clang 0.1.0 4.23 44.40 48.63 NOTE
r-devel-linux-x86_64-debian-gcc 0.1.0 3.06 34.47 37.53 NOTE
r-devel-linux-x86_64-fedora-clang 0.1.0 56.93 NOTE
r-devel-linux-x86_64-fedora-gcc 0.1.0 54.43 NOTE
r-devel-windows-ix86+x86_64 0.1.0 9.00 83.00 92.00 NOTE
r-patched-linux-x86_64 0.1.0 3.26 40.24 43.50 NOTE
r-patched-solaris-x86 0.1.0 79.40 NOTE
r-release-linux-x86_64 0.1.0 3.31 40.28 43.59 NOTE
r-release-windows-ix86+x86_64 0.1.0 8.00 112.00 120.00 NOTE
r-release-osx-x86_64 0.1.0 NOTE
r-oldrel-windows-ix86+x86_64 0.1.0 12.00 63.00 75.00 NOTE
r-oldrel-osx-x86_64 0.1.0 NOTE

Check Details

Version: 0.1.0
Check: package dependencies
Result: NOTE
    Package suggested but not available for checking: ‘hurricaneexposuredata’
Flavors: r-devel-linux-x86_64-debian-clang, r-devel-linux-x86_64-debian-gcc, r-devel-linux-x86_64-fedora-clang, r-devel-linux-x86_64-fedora-gcc, r-devel-windows-ix86+x86_64, r-patched-linux-x86_64, r-patched-solaris-x86, r-release-linux-x86_64, r-release-windows-ix86+x86_64, r-release-osx-x86_64, r-oldrel-windows-ix86+x86_64, r-oldrel-osx-x86_64

Version: 0.1.0
Check: dependencies in R code
Result: NOTE
    Namespaces in Imports field not imported from:
     ‘RColorBrewer’ ‘XML’ ‘choroplethr’ ‘choroplethrMaps’ ‘data.table’
     ‘forcats’ ‘hurricaneexposure’ ‘plyr’
     All declared Imports should be used.
Flavors: r-devel-linux-x86_64-fedora-clang, r-devel-linux-x86_64-fedora-gcc, r-patched-solaris-x86, r-release-osx-x86_64, r-oldrel-osx-x86_64