CRAN Package Check Results for Package noaastormevents

Last updated on 2018-08-18 12:50:14 CEST.

Flavor Version Tinstall Tcheck Ttotal Status Flags
r-devel-linux-x86_64-debian-clang 0.1.0 3.93 46.51 50.44 NOTE
r-devel-linux-x86_64-debian-gcc 0.1.0 3.13 36.89 40.02 NOTE
r-devel-linux-x86_64-fedora-clang 0.1.0 58.43 NOTE
r-devel-linux-x86_64-fedora-gcc 0.1.0 56.78 NOTE
r-devel-windows-ix86+x86_64 0.1.0 10.00 73.00 83.00 NOTE
r-patched-linux-x86_64 0.1.0 3.10 39.39 42.49 NOTE
r-patched-solaris-x86 0.1.0 80.10 NOTE
r-release-linux-x86_64 0.1.0 2.46 39.43 41.89 NOTE
r-release-windows-ix86+x86_64 0.1.0 18.00 76.00 94.00 NOTE
r-release-osx-x86_64 0.1.0 NOTE
r-oldrel-windows-ix86+x86_64 0.1.0 7.00 62.00 69.00 NOTE
r-oldrel-osx-x86_64 0.1.0 NOTE

Check Details

Version: 0.1.0
Check: package dependencies
Result: NOTE
    Package suggested but not available for checking: ‘hurricaneexposuredata’
Flavors: r-devel-linux-x86_64-debian-clang, r-devel-linux-x86_64-debian-gcc, r-devel-linux-x86_64-fedora-clang, r-devel-linux-x86_64-fedora-gcc, r-devel-windows-ix86+x86_64, r-patched-linux-x86_64, r-patched-solaris-x86, r-release-linux-x86_64, r-release-windows-ix86+x86_64, r-release-osx-x86_64, r-oldrel-windows-ix86+x86_64, r-oldrel-osx-x86_64

Version: 0.1.0
Check: dependencies in R code
Result: NOTE
    Namespaces in Imports field not imported from:
     ‘RColorBrewer’ ‘XML’ ‘choroplethr’ ‘choroplethrMaps’ ‘data.table’
     ‘forcats’ ‘hurricaneexposure’ ‘plyr’
     All declared Imports should be used.
Flavors: r-devel-linux-x86_64-fedora-clang, r-devel-linux-x86_64-fedora-gcc, r-patched-solaris-x86, r-release-osx-x86_64, r-oldrel-osx-x86_64