CRAN Package Check Results for Package noaastormevents

Last updated on 2018-10-19 08:49:03 CEST.

Flavor Version Tinstall Tcheck Ttotal Status Flags
r-devel-linux-x86_64-debian-clang 0.1.0 4.53 47.57 52.10 NOTE
r-devel-linux-x86_64-debian-gcc 0.1.0 3.43 36.98 40.41 NOTE
r-devel-linux-x86_64-fedora-clang 0.1.0 59.30 NOTE
r-devel-linux-x86_64-fedora-gcc 0.1.0 56.75 NOTE
r-devel-windows-ix86+x86_64 0.1.0 11.00 85.00 96.00 NOTE
r-patched-linux-x86_64 0.1.0 3.76 39.37 43.13 NOTE
r-patched-solaris-x86 0.1.0 78.30 NOTE
r-release-linux-x86_64 0.1.0 3.69 39.62 43.31 NOTE
r-release-windows-ix86+x86_64 0.1.0 14.00 76.00 90.00 NOTE
r-release-osx-x86_64 0.1.0 NOTE
r-oldrel-windows-ix86+x86_64 0.1.0 7.00 88.00 95.00 NOTE
r-oldrel-osx-x86_64 0.1.0 NOTE

Check Details

Version: 0.1.0
Check: package dependencies
Result: NOTE
    Package suggested but not available for checking: ‘hurricaneexposuredata’
Flavors: r-devel-linux-x86_64-debian-clang, r-devel-linux-x86_64-debian-gcc, r-devel-linux-x86_64-fedora-clang, r-devel-linux-x86_64-fedora-gcc, r-devel-windows-ix86+x86_64, r-patched-linux-x86_64, r-patched-solaris-x86, r-release-linux-x86_64, r-release-windows-ix86+x86_64, r-release-osx-x86_64, r-oldrel-windows-ix86+x86_64, r-oldrel-osx-x86_64

Version: 0.1.0
Check: dependencies in R code
Result: NOTE
    Namespaces in Imports field not imported from:
     ‘RColorBrewer’ ‘XML’ ‘choroplethr’ ‘choroplethrMaps’ ‘data.table’
     ‘forcats’ ‘hurricaneexposure’ ‘plyr’
     All declared Imports should be used.
Flavors: r-devel-linux-x86_64-fedora-clang, r-devel-linux-x86_64-fedora-gcc, r-patched-solaris-x86, r-release-osx-x86_64, r-oldrel-osx-x86_64