CRAN Package Check Results for Package nodeHarvest

Last updated on 2018-05-22 18:47:03 CEST.

Flavor Version Tinstall Tcheck Ttotal Status Flags
r-devel-linux-x86_64-debian-clang 0.7-3 1.23 22.10 23.33 NOTE
r-devel-linux-x86_64-debian-gcc 0.7-3 1.42 17.49 18.91 NOTE
r-devel-linux-x86_64-fedora-clang 0.7-3 28.41 NOTE
r-devel-linux-x86_64-fedora-gcc 0.7-3 26.89 NOTE
r-devel-windows-ix86+x86_64 0.7-3 6.00 50.00 56.00 NOTE
r-patched-linux-x86_64 0.7-3 1.86 21.23 23.09 NOTE
r-patched-solaris-x86 0.7-3 42.10 NOTE
r-release-linux-x86_64 0.7-3 2.01 21.23 23.24 NOTE
r-release-windows-ix86+x86_64 0.7-3 6.00 46.00 52.00 NOTE
r-release-osx-x86_64 0.7-3 NOTE
r-oldrel-windows-ix86+x86_64 0.7-3 5.00 44.00 49.00 NOTE
r-oldrel-osx-x86_64 0.7-3 NOTE

Check Details

Version: 0.7-3
Check: R code for possible problems
Result: NOTE
    makeRules: no visible global function definition for ‘sd’
    makeRules: no visible global function definition for ‘rnorm’
    nodeHarvest: no visible global function definition for ‘capture.output’
    nodeHarvest: no visible global function definition for ‘lm’
    nodeHarvest: no visible global function definition for ‘coef’
    plot.nodeHarvest: no visible global function definition for ‘rgb’
    Undefined global functions or variables:
     capture.output coef lm rgb rnorm sd
    Consider adding
     importFrom("grDevices", "rgb")
     importFrom("stats", "coef", "lm", "rnorm", "sd")
     importFrom("utils", "capture.output")
    to your NAMESPACE file.
Flavors: r-devel-linux-x86_64-debian-clang, r-devel-linux-x86_64-debian-gcc, r-devel-linux-x86_64-fedora-clang, r-devel-linux-x86_64-fedora-gcc, r-devel-windows-ix86+x86_64, r-patched-linux-x86_64, r-patched-solaris-x86, r-release-linux-x86_64, r-release-windows-ix86+x86_64, r-release-osx-x86_64, r-oldrel-windows-ix86+x86_64, r-oldrel-osx-x86_64