Last updated on 2023-12-01 12:52:27 CET.
Flavor | Version | Tinstall | Tcheck | Ttotal | Status | Flags |
---|---|---|---|---|---|---|
r-devel-linux-x86_64-debian-clang | 1.1.2 | 6.40 | 55.21 | 61.61 | NOTE | |
r-devel-linux-x86_64-debian-gcc | 1.1.2 | 4.19 | 40.58 | 44.77 | NOTE | |
r-devel-linux-x86_64-fedora-clang | 1.1.2 | 77.00 | OK | |||
r-devel-linux-x86_64-fedora-gcc | 1.1.2 | 71.76 | OK | |||
r-devel-windows-x86_64 | 1.1.2 | 7.00 | 63.00 | 70.00 | OK | |
r-patched-linux-x86_64 | 1.1.2 | 10.86 | 51.18 | 62.04 | OK | |
r-release-linux-x86_64 | 1.1.2 | 6.73 | 51.82 | 58.55 | OK | |
r-release-macos-arm64 | 1.1.2 | 27.00 | OK | |||
r-release-macos-x86_64 | 1.1.2 | 36.00 | OK | |||
r-release-windows-x86_64 | 1.1.2 | 9.00 | 68.00 | 77.00 | OK | |
r-oldrel-macos-arm64 | 1.1.2 | 25.00 | OK | |||
r-oldrel-macos-x86_64 | 1.1.2 | 38.00 | OK | |||
r-oldrel-windows-x86_64 | 1.1.2 | 9.00 | 69.00 | 78.00 | OK |
Version: 1.1.2
Check: Rd files
Result: NOTE
checkRd: (-1) set.data.Rd:14: Lost braces; missing escapes or markup?
14 | \item{shape}{either \code{wide} or {long}. Default \code{wide}. See Details.}
| ^
Flavors: r-devel-linux-x86_64-debian-clang, r-devel-linux-x86_64-debian-gcc