CRAN Package Check Results for Package nor1mix

Last updated on 2020-07-02 07:50:02 CEST.

Flavor Version Tinstall Tcheck Ttotal Status Flags
r-devel-linux-x86_64-debian-clang 1.3-0 3.08 29.16 32.24 OK
r-devel-linux-x86_64-debian-gcc 1.3-0 2.55 22.39 24.94 OK
r-devel-linux-x86_64-fedora-clang 1.3-0 46.83 NOTE
r-devel-linux-x86_64-fedora-gcc 1.3-0 38.52 OK
r-devel-windows-ix86+x86_64 1.3-0 9.00 42.00 51.00 OK
r-patched-linux-x86_64 1.3-0 2.83 29.33 32.16 OK
r-patched-solaris-x86 1.3-0 58.10 OK
r-release-linux-x86_64 1.3-0 3.50 29.43 32.93 OK
r-release-osx-x86_64 1.3-0 OK
r-release-windows-ix86+x86_64 1.3-0 6.00 41.00 47.00 OK
r-oldrel-osx-x86_64 1.3-0 OK
r-oldrel-windows-ix86+x86_64 1.3-0 7.00 53.00 60.00 OK

Check Details

Version: 1.3-0
Check: Rd cross-references
Result: NOTE
    Undeclared package ‘copula’ in Rd xrefs
Flavor: r-devel-linux-x86_64-fedora-clang