Last updated on 2023-03-29 23:09:09 CEST.
Flavor | Version | Tinstall | Tcheck | Ttotal | Status | Flags |
---|---|---|---|---|---|---|
r-devel-linux-x86_64-debian-clang | 2.0.4 | 14.00 | 41.26 | 55.26 | OK | |
r-devel-linux-x86_64-debian-gcc | 2.0.4 | 12.54 | 31.91 | 44.45 | OK | |
r-devel-linux-x86_64-fedora-clang | 2.0.4 | 71.89 | NOTE | |||
r-devel-linux-x86_64-fedora-gcc | 2.0.4 | 72.30 | NOTE | |||
r-devel-windows-x86_64 | 2.0.4 | 32.00 | 0.00 | 32.00 | OK | |
r-patched-linux-x86_64 | 2.0.4 | 14.04 | 40.41 | 54.45 | OK | |
r-release-linux-x86_64 | 2.0.4 | 12.71 | 40.52 | 53.23 | OK | |
r-release-macos-arm64 | 2.0.4 | 31.00 | OK | |||
r-release-macos-x86_64 | 2.0.4 | 35.00 | OK | |||
r-release-windows-x86_64 | 2.0.4 | 23.00 | 69.00 | 92.00 | OK | |
r-oldrel-macos-arm64 | 2.0.4 | 37.00 | OK | |||
r-oldrel-macos-x86_64 | 2.0.4 | 43.00 | OK | |||
r-oldrel-windows-ix86+x86_64 | 2.0.4 | 38.00 | 55.00 | 93.00 | OK |
Version: 2.0.4
Check: compiled code
Result: NOTE
File ‘norm2/libs/norm2.so’:
Found no calls to: ‘R_registerRoutines’, ‘R_useDynamicSymbols’
It is good practice to register native routines and to disable symbol
search.
See ‘Writing portable packages’ in the ‘Writing R Extensions’ manual.
Flavors: r-devel-linux-x86_64-fedora-clang, r-devel-linux-x86_64-fedora-gcc