CRAN Package Check Results for Package nortsTest

Last updated on 2021-04-14 07:48:33 CEST.

Flavor Version Tinstall Tcheck Ttotal Status Flags
r-devel-linux-x86_64-debian-clang 1.0.0 7.78 88.42 96.20 NOTE
r-devel-linux-x86_64-debian-gcc 1.0.0 6.09 63.91 70.00 NOTE
r-devel-linux-x86_64-fedora-clang 1.0.0 121.04 NOTE
r-devel-linux-x86_64-fedora-gcc 1.0.0 115.50 NOTE
r-devel-windows-ix86+x86_64 1.0.0 20.00 109.00 129.00 NOTE
r-devel-windows-x86_64-gcc10-UCRT 1.0.0 NOTE
r-patched-linux-x86_64 1.0.0 8.41 82.63 91.04 OK
r-patched-solaris-x86 1.0.0 164.10 OK
r-release-linux-x86_64 1.0.0 7.55 81.33 88.88 OK
r-release-macos-x86_64 1.0.0 OK
r-release-windows-ix86+x86_64 1.0.0 27.00 109.00 136.00 OK
r-oldrel-macos-x86_64 1.0.0 OK
r-oldrel-windows-ix86+x86_64 1.0.0 12.00 77.00 89.00 OK

Check Details

Version: 1.0.0
Check: LazyData
Result: NOTE
     'LazyData' is specified without a 'data' directory
Flavors: r-devel-linux-x86_64-debian-clang, r-devel-linux-x86_64-debian-gcc, r-devel-linux-x86_64-fedora-clang, r-devel-linux-x86_64-fedora-gcc, r-devel-windows-ix86+x86_64, r-devel-windows-x86_64-gcc10-UCRT