CRAN Package Check Results for Package np

Last updated on 2018-12-17 15:49:36 CET.

Flavor Version Tinstall Tcheck Ttotal Status Flags
r-devel-linux-x86_64-debian-clang 0.60-9 52.48 4.63 57.11 ERROR
r-devel-linux-x86_64-debian-gcc 0.60-9 46.80 2.75 49.55 ERROR
r-devel-linux-x86_64-fedora-clang 0.60-9 573.21 OK
r-devel-linux-x86_64-fedora-gcc 0.60-9 547.09 OK
r-devel-windows-ix86+x86_64 0.60-9 123.00 162.00 285.00 OK --no-examples --no-tests --no-vignettes
r-patched-linux-x86_64 0.60-9 51.70 4.49 56.19 ERROR
r-patched-solaris-x86 0.60-9 845.90 OK
r-release-linux-x86_64 0.60-9 50.55 416.40 466.95 OK
r-release-windows-ix86+x86_64 0.60-9 98.00 143.00 241.00 OK --no-examples --no-tests --no-vignettes
r-release-osx-x86_64 0.60-9 OK
r-oldrel-windows-ix86+x86_64 0.60-9 92.00 201.00 293.00 OK --no-examples --no-tests --no-vignettes
r-oldrel-osx-x86_64 0.60-9 OK

Check Details

Version: 0.60-9
Check: whether the package can be loaded
Result: ERROR
    Loading this package had a fatal error status code 1
    Loading log:
    Error: package or namespace load failed for ‘np’ in dyn.load(file, DLLpath = DLLpath, ...):
     unable to load shared object ‘/home/hornik/tmp/R.check/r-devel-clang/Work/build/Packages/Rcpp/libs/Rcpp.so’:
     /home/hornik/tmp/R.check/r-devel-clang/Work/build/Packages/Rcpp/libs/Rcpp.so: failed to map segment from shared object
    Execution halted
Flavor: r-devel-linux-x86_64-debian-clang

Version: 0.60-9
Check: whether the package can be loaded
Result: ERROR
    Loading this package had a fatal error status code 1
    Loading log:
    Error: package or namespace load failed for ‘np’ in dyn.load(file, DLLpath = DLLpath, ...):
     unable to load shared object ‘/home/hornik/tmp/R.check/r-devel-gcc/Work/build/Packages/Rcpp/libs/Rcpp.so’:
     /home/hornik/tmp/R.check/r-devel-gcc/Work/build/Packages/Rcpp/libs/Rcpp.so: failed to map segment from shared object
    Execution halted
Flavor: r-devel-linux-x86_64-debian-gcc

Version: 0.60-9
Check: whether the package can be loaded
Result: ERROR
    Loading this package had a fatal error status code 1
    Loading log:
    Error: package or namespace load failed for ‘np’ in dyn.load(file, DLLpath = DLLpath, ...):
     unable to load shared object ‘/home/hornik/tmp/R.check/r-patched-gcc/Work/build/Packages/Rcpp/libs/Rcpp.so’:
     /home/hornik/tmp/R.check/r-patched-gcc/Work/build/Packages/Rcpp/libs/Rcpp.so: failed to map segment from shared object
    Execution halted
Flavor: r-patched-linux-x86_64