CRAN Package Check Results for Package npde

Last updated on 2022-05-27 06:51:29 CEST.

Flavor Version Tinstall Tcheck Ttotal Status Flags
r-devel-linux-x86_64-debian-clang 3.2 16.62 95.96 112.58 OK
r-devel-linux-x86_64-debian-gcc 3.2 15.20 71.26 86.46 OK
r-devel-linux-x86_64-fedora-clang 3.2 144.17 NOTE
r-devel-linux-x86_64-fedora-gcc 3.2 119.52 NOTE
r-devel-windows-x86_64 3.2 41.00 109.00 150.00 OK
r-patched-linux-x86_64 3.2 12.11 89.24 101.35 OK
r-release-linux-x86_64 3.2 12.13 90.90 103.03 OK
r-release-macos-arm64 3.2 35.00 NOTE
r-release-macos-x86_64 3.2 62.00 NOTE
r-release-windows-x86_64 3.2 45.00 105.00 150.00 OK
r-oldrel-macos-arm64 3.2 35.00 NOTE
r-oldrel-macos-x86_64 3.2 50.00 NOTE
r-oldrel-windows-ix86+x86_64 3.2 36.00 102.00 138.00 OK

Check Details

Version: 3.2
Check: dependencies in R code
Result: NOTE
    Namespace in Imports field not imported from: ‘testthat’
     All declared Imports should be used.
Flavors: r-devel-linux-x86_64-fedora-clang, r-devel-linux-x86_64-fedora-gcc, r-release-macos-arm64, r-release-macos-x86_64, r-oldrel-macos-arm64, r-oldrel-macos-x86_64