CRAN Package Check Results for Package nplyr

Last updated on 2024-02-21 12:53:06 CET.

Flavor Version Tinstall Tcheck Ttotal Status Flags
r-devel-linux-x86_64-debian-clang 0.2.0 OK
r-devel-linux-x86_64-debian-gcc 0.2.0 4.12 52.21 56.33 OK
r-devel-linux-x86_64-fedora-clang 0.2.0 90.90 NOTE
r-devel-linux-x86_64-fedora-gcc 0.2.0 98.78 OK
r-devel-windows-x86_64 0.2.0 6.00 77.00 83.00 OK
r-patched-linux-x86_64 0.2.0 9.23 66.87 76.10 OK
r-release-linux-x86_64 0.2.0 3.52 67.51 71.03 OK
r-release-macos-arm64 0.2.0 123.00 OK
r-release-macos-x86_64 0.2.0 58.00 OK
r-release-windows-x86_64 0.2.0 7.00 87.00 94.00 OK
r-oldrel-macos-arm64 0.2.0 29.00 OK
r-oldrel-windows-x86_64 0.2.0 8.00 87.00 95.00 OK

Check Details

Version: 0.2.0
Check: Rd cross-references
Result: NOTE Undeclared package ‘tidyselect’ in Rd xrefs Flavor: r-devel-linux-x86_64-fedora-clang