Last updated on 2022-07-03 03:50:02 CEST.
Flavor | Version | Tinstall | Tcheck | Ttotal | Status | Flags |
---|---|---|---|---|---|---|
r-devel-linux-x86_64-debian-clang | 1.5.1 | 19.65 | 125.69 | 145.34 | NOTE | |
r-devel-linux-x86_64-debian-gcc | 1.5.1 | 15.81 | 90.57 | 106.38 | NOTE | |
r-devel-linux-x86_64-fedora-clang | 1.5.1 | 178.96 | NOTE | |||
r-devel-linux-x86_64-fedora-gcc | 1.5.1 | 176.24 | NOTE | |||
r-devel-windows-x86_64 | 1.5.1 | 36.00 | 139.00 | 175.00 | NOTE | |
r-patched-linux-x86_64 | 1.5.1 | 19.83 | 115.85 | 135.68 | OK | |
r-release-linux-x86_64 | 1.5.1 | 15.64 | 114.34 | 129.98 | OK | |
r-release-macos-arm64 | 1.5.1 | 54.00 | OK | |||
r-release-macos-x86_64 | 1.5.1 | 86.00 | OK | |||
r-release-windows-x86_64 | 1.5.1 | 36.00 | 134.00 | 170.00 | OK | |
r-oldrel-macos-arm64 | 1.5.1 | 59.00 | OK | |||
r-oldrel-macos-x86_64 | 1.5.1 | 101.00 | OK | |||
r-oldrel-windows-ix86+x86_64 | 1.5.1 | 47.00 | 186.00 | 233.00 | OK |
Version: 1.5.1
Check: Rd files
Result: NOTE
checkRd: (-1) frfast.Rd:172: Escaped LaTeX specials: \~
checkRd: (-1) globaltest.Rd:114: Escaped LaTeX specials: \~
checkRd: (-1) localtest.Rd:139: Escaped LaTeX specials: \~
Flavors: r-devel-linux-x86_64-debian-clang, r-devel-linux-x86_64-debian-gcc, r-devel-linux-x86_64-fedora-clang, r-devel-linux-x86_64-fedora-gcc, r-devel-windows-x86_64