CRAN Package Check Results for Package npregfast

Last updated on 2019-09-15 05:46:21 CEST.

Flavor Version Tinstall Tcheck Ttotal Status Flags
r-devel-linux-x86_64-debian-clang 1.5.1 15.67 88.60 104.27 OK
r-devel-linux-x86_64-debian-gcc 1.5.1 13.80 68.25 82.05 OK
r-devel-linux-x86_64-fedora-clang 1.5.1 125.76 OK
r-devel-linux-x86_64-fedora-gcc 1.5.1 121.92 OK
r-devel-windows-ix86+x86_64 1.5.1 55.00 127.00 182.00 OK
r-patched-linux-x86_64 1.5.1 13.78 84.12 97.90 OK
r-patched-solaris-x86 1.5.1 193.30 OK
r-release-linux-x86_64 1.5.1 14.33 85.22 99.55 OK
r-release-windows-ix86+x86_64 1.5.1 30.00 133.00 163.00 OK
r-release-osx-x86_64 1.5.1 OK
r-oldrel-windows-ix86+x86_64 1.5.1 37.00 120.00 157.00 WARN
r-oldrel-osx-x86_64 1.5.1 OK

Check Details

Version: 1.5.1
Check: whether package can be installed
Result: WARN
    Found the following significant warnings:
     Warning: S3 methods '[.fun_list', '[.grouped_df', 'all.equal.tbl_df', 'anti_join.data.frame', 'anti_join.tbl_df', 'arrange.data.frame', 'arrange.default', 'arrange.grouped_df', 'arrange.tbl_df', 'arrange_.data.frame', 'arrange_.tbl_df', 'as.data.frame.grouped_df', 'as.data.frame.rowwise_df', 'as.data.frame.tbl_cube', 'as.table.tbl_cube', 'as.tbl.data.frame', 'as.tbl.tbl', 'as.tbl_cube.array', 'as.tbl_cube.data.frame', 'as.tbl_cube.matrix', 'as.tbl_cube.table', 'as_tibble.grouped_df', 'as_tibble.tbl_cube', 'auto_copy.tbl_cube', 'auto_copy.tbl_df', 'cbind.grouped_df', 'collapse.data.frame', 'collect.data.frame', 'common_by.NULL', 'common_by.character', 'common_by.default', 'common_by.list', 'compute.data.frame', 'copy_to.DBIConnection', 'copy_to.src_local', 'default_missing.data.frame', 'default_missing.default', 'dim.tbl_cube', 'distinct.data.frame', 'distinct.default', 'distinct.grouped_df', 'distinct.tbl_df', 'distinct_.data.frame', 'distinct_.grouped_df', 'distinct_.tbl_df', 'do.NULL', 'do.da [... truncated]
Flavor: r-oldrel-windows-ix86+x86_64