Last updated on 2022-05-26 18:49:08 CEST.
Flavor | Version | Tinstall | Tcheck | Ttotal | Status | Flags |
---|---|---|---|---|---|---|
r-devel-linux-x86_64-debian-clang | 1.1.0 | 8.99 | 54.86 | 63.85 | NOTE | |
r-devel-linux-x86_64-debian-gcc | 1.1.0 | 6.60 | 46.07 | 52.67 | NOTE | |
r-devel-linux-x86_64-fedora-clang | 1.1.0 | 73.62 | NOTE | |||
r-devel-linux-x86_64-fedora-gcc | 1.1.0 | 62.38 | NOTE | |||
r-devel-windows-x86_64 | 1.1.0 | 47.00 | 74.00 | 121.00 | NOTE | |
r-patched-linux-x86_64 | 1.1.0 | 6.98 | 51.20 | 58.18 | NOTE | |
r-release-linux-x86_64 | 1.1.0 | 9.18 | 52.07 | 61.25 | NOTE | |
r-release-macos-arm64 | 1.1.0 | 23.00 | NOTE | |||
r-release-macos-x86_64 | 1.1.0 | 33.00 | NOTE | |||
r-release-windows-x86_64 | 1.1.0 | 47.00 | 74.00 | 121.00 | NOTE | |
r-oldrel-macos-arm64 | 1.1.0 | 30.00 | NOTE | |||
r-oldrel-macos-x86_64 | 1.1.0 | 42.00 | NOTE | |||
r-oldrel-windows-ix86+x86_64 | 1.1.0 | 17.00 | 64.00 | 81.00 | NOTE |
Version: 1.1.0
Check: LazyData
Result: NOTE
'LazyData' is specified without a 'data' directory
Flavors: r-devel-linux-x86_64-debian-clang, r-devel-linux-x86_64-debian-gcc, r-devel-linux-x86_64-fedora-clang, r-devel-linux-x86_64-fedora-gcc, r-devel-windows-x86_64, r-patched-linux-x86_64, r-release-linux-x86_64, r-release-macos-arm64, r-release-macos-x86_64, r-release-windows-x86_64, r-oldrel-macos-arm64, r-oldrel-macos-x86_64, r-oldrel-windows-ix86+x86_64