CRAN Package Check Results for Package npsf

Last updated on 2022-12-04 18:53:54 CET.

Flavor Version Tinstall Tcheck Ttotal Status Flags
r-devel-linux-x86_64-debian-clang 0.8.0 32.42 88.04 120.46 OK
r-devel-linux-x86_64-debian-gcc 0.8.0 26.97 65.26 92.23 OK
r-devel-linux-x86_64-fedora-clang 0.8.0 168.57 OK
r-devel-linux-x86_64-fedora-gcc 0.8.0 155.14 OK
r-devel-windows-x86_64 0.8.0 46.00 129.00 175.00 OK
r-patched-linux-x86_64 0.8.0 28.61 81.68 110.29 OK
r-release-linux-x86_64 0.8.0 30.50 81.87 112.37 OK
r-release-macos-arm64 0.8.0 35.00 NOTE
r-release-macos-x86_64 0.8.0 52.00 NOTE
r-release-windows-x86_64 0.8.0 41.00 124.00 165.00 OK
r-oldrel-macos-arm64 0.8.0 43.00 NOTE
r-oldrel-macos-x86_64 0.8.0 66.00 NOTE
r-oldrel-windows-ix86+x86_64 0.8.0 72.00 123.00 195.00 OK

Check Details

Version: 0.8.0
Check: package dependencies
Result: NOTE
    Package suggested but not available for checking: ‘Rmpi’
Flavors: r-release-macos-arm64, r-release-macos-x86_64, r-oldrel-macos-arm64, r-oldrel-macos-x86_64