CRAN Package Check Results for Package npsm

Last updated on 2024-02-29 21:56:28 CET.

Flavor Version Tinstall Tcheck Ttotal Status Flags
r-devel-linux-x86_64-debian-clang 1.1.1 4.75 47.96 52.71 OK
r-devel-linux-x86_64-debian-gcc 1.1.1 4.04 36.65 40.69 OK
r-devel-linux-x86_64-fedora-clang 1.1.1 66.79 OK
r-devel-linux-x86_64-fedora-gcc 1.1.1 64.93 OK
r-devel-windows-x86_64 1.1.1 5.00 72.00 77.00 OK
r-patched-linux-x86_64 1.1.1 9.07 47.11 56.18 OK
r-release-linux-x86_64 1.1.1 5.14 47.06 52.20 OK
r-release-macos-arm64 1.1.1 26.00 OK
r-release-macos-x86_64 1.1.1 65.00 OK
r-release-windows-x86_64 1.1.1 7.00 82.00 89.00 OK
r-oldrel-macos-arm64 1.1.1 27.00 NOTE
r-oldrel-windows-x86_64 1.1.1 7.00 81.00 88.00 NOTE

Check Details

Version: 1.1.1
Check: S3 generic/method consistency
Result: NOTE Found the following apparent S3 methods exported but not registered: print.fkk.test See section ‘Registering S3 methods’ in the ‘Writing R Extensions’ manual. Flavors: r-oldrel-macos-arm64, r-oldrel-windows-x86_64