CRAN Package Check Results for Package nsyllable

Last updated on 2024-04-17 16:53:14 CEST.

Flavor Version Tinstall Tcheck Ttotal Status Flags
r-devel-linux-x86_64-debian-clang 1.0.1 2.31 23.85 26.16 OK
r-devel-linux-x86_64-debian-gcc 1.0.1 2.00 19.20 21.20 OK
r-devel-linux-x86_64-fedora-clang 1.0.1 34.24 NOTE
r-devel-linux-x86_64-fedora-gcc 1.0.1 33.57 NOTE
r-prerel-macos-arm64 1.0.1 16.00 OK
r-prerel-windows-x86_64 1.0.1 4.00 40.00 44.00 OK
r-patched-linux-x86_64 1.0.1 1.91 23.35 25.26 OK
r-release-linux-x86_64 1.0.1 2.47 24.36 26.83 OK
r-release-macos-arm64 1.0.1 18.00 OK
r-release-macos-x86_64 1.0.1 22.00 OK
r-release-windows-x86_64 1.0.1 5.00 42.00 47.00 OK
r-oldrel-macos-arm64 1.0.1 18.00 OK
r-oldrel-windows-x86_64 1.0.1 5.00 46.00 51.00 OK

Check Details

Version: 1.0.1
Check: data for non-ASCII characters
Result: NOTE Note: found 1 marked UTF-8 string Flavors: r-devel-linux-x86_64-fedora-clang, r-devel-linux-x86_64-fedora-gcc