CRAN Package Check Results for Package nucim

Last updated on 2018-02-23 14:49:35 CET.

Flavor Version Tinstall Tcheck Ttotal Status Flags
r-devel-linux-x86_64-debian-clang 1.0.0 5.85 54.71 60.56 OK
r-devel-linux-x86_64-debian-gcc 1.0.0 4.09 43.86 47.95 OK
r-devel-windows-ix86+x86_64 1.0.0 16.00 93.00 109.00 OK
r-patched-linux-x86_64 1.0.0 4.41 56.97 61.38 OK
r-patched-solaris-x86 1.0.0 97.60 OK
r-release-linux-x86_64 1.0.0 3.75 56.56 60.31 OK
r-release-windows-ix86+x86_64 1.0.0 13.00 90.00 103.00 OK
r-release-osx-x86_64 1.0.0 ERROR
r-oldrel-windows-ix86+x86_64 1.0.0 8.00 59.00 67.00 OK
r-oldrel-osx-x86_64 1.0.0 OK

Check Details

Version: 1.0.0
Check: package dependencies
Result: ERROR
    Packages required but not available: ‘EBImage’ ‘bioimagetools’
    
    See section ‘The DESCRIPTION file’ in the ‘Writing R Extensions’
    manual.
Flavor: r-release-osx-x86_64