CRAN Package Check Results for Package nuggets

Last updated on 2024-04-17 03:51:19 CEST.

Flavor Version Tinstall Tcheck Ttotal Status Flags
r-devel-linux-x86_64-debian-clang 1.0.2 181.25 56.42 237.67 OK
r-devel-linux-x86_64-debian-gcc 1.0.2 154.27 42.27 196.54 OK
r-devel-linux-x86_64-fedora-clang 1.0.2 344.18 OK
r-devel-linux-x86_64-fedora-gcc 1.0.2 354.62 OK
r-prerel-macos-arm64 1.0.2 63.00 NOTE
r-prerel-windows-x86_64 1.0.2 135.00 90.00 225.00 OK
r-patched-linux-x86_64 1.0.2 131.26 53.06 184.32 OK
r-release-linux-x86_64 1.0.2 130.05 55.25 185.30 OK
r-release-macos-arm64 1.0.2 71.00 NOTE
r-release-macos-x86_64 1.0.2 80.00 NOTE
r-release-windows-x86_64 1.0.2 176.00 102.00 278.00 OK
r-oldrel-macos-arm64 1.0.2 74.00 NOTE
r-oldrel-windows-x86_64 1.0.2 175.00 101.00 276.00 OK

Check Details

Version: 1.0.2
Check: installed package size
Result: NOTE installed size is 11.2Mb sub-directories of 1Mb or more: libs 11.0Mb Flavors: r-prerel-macos-arm64, r-release-macos-arm64, r-release-macos-x86_64, r-oldrel-macos-arm64