CRAN Package Check Results for Package nvctr

Last updated on 2022-12-01 15:54:38 CET.

Flavor Version Tinstall Tcheck Ttotal Status Flags
r-devel-linux-x86_64-debian-clang 0.1.4 2.98 33.84 36.82 NOTE
r-devel-linux-x86_64-debian-gcc 0.1.4 1.79 26.70 28.49 NOTE
r-devel-linux-x86_64-fedora-clang 0.1.4 59.42 NOTE
r-devel-linux-x86_64-fedora-gcc 0.1.4 69.25 NOTE
r-devel-windows-x86_64 0.1.4 25.00 72.00 97.00 NOTE
r-patched-linux-x86_64 0.1.4 2.86 31.09 33.95 NOTE
r-release-linux-x86_64 0.1.4 1.86 31.57 33.43 NOTE
r-release-macos-arm64 0.1.4 18.00 NOTE
r-release-macos-x86_64 0.1.4 26.00 NOTE
r-release-windows-x86_64 0.1.4 29.00 72.00 101.00 NOTE
r-oldrel-macos-arm64 0.1.4 21.00 NOTE
r-oldrel-macos-x86_64 0.1.4 33.00 NOTE
r-oldrel-windows-ix86+x86_64 0.1.4 8.00 68.00 76.00 NOTE

Check Details

Version: 0.1.4
Check: LazyData
Result: NOTE
     'LazyData' is specified without a 'data' directory
Flavors: r-devel-linux-x86_64-debian-clang, r-devel-linux-x86_64-debian-gcc, r-devel-linux-x86_64-fedora-clang, r-devel-linux-x86_64-fedora-gcc, r-devel-windows-x86_64, r-patched-linux-x86_64, r-release-linux-x86_64, r-release-macos-arm64, r-release-macos-x86_64, r-release-windows-x86_64, r-oldrel-macos-arm64, r-oldrel-macos-x86_64, r-oldrel-windows-ix86+x86_64