CRAN Package Check Results for Package nyctaxi

Last updated on 2018-08-20 01:46:34 CEST.

Flavor Version Tinstall Tcheck Ttotal Status Flags
r-release-osx-x86_64 0.0.1 WARN
r-oldrel-osx-x86_64 0.0.1 WARN

Check Details

Version: 0.0.1
Check: re-building of vignette outputs
Result: WARN
    Error in re-building vignettes:
     ...
    
     taxi <- etl("nyctaxi", dir = "~/Desktop/nyctaxi/")
     taxi %>%
     etl_extract(years = 2016, months = 1:2, types = c("yellow","green")) %>%
     etl_transform(years = 2016, months = 1:2, types = c("yellow","green")) %>%
     etl_load(years = 2016, months = 1:2, types = c("yellow","green"))
     ## End(Not run)
    
    
    
    Attaching package: 'lubridate'
    
    The following object is masked from 'package:base':
    
     date
    
    PhantomJS not found. You can install it with webshot::install_phantomjs(). If it is installed, please make sure the phantomjs executable can be found via the PATH variable.
    Warning in normalizePath(f2) :
     path[1]="./webshot16f9f6d730a2b.png": No such file or directory
    Warning in file(con, "rb") :
     cannot open file './webshot16f9f6d730a2b.png': No such file or directory
    Quitting from lines 61-71 (nyc_taxi.Rmd)
    Error: processing vignette 'nyc_taxi.Rmd' failed with diagnostics:
    cannot open the connection
    Execution halted
Flavor: r-release-osx-x86_64

Version: 0.0.1
Check: re-building of vignette outputs
Result: WARN
    Error in re-building vignettes:
     ...
    
     taxi <- etl("nyctaxi", dir = "~/Desktop/nyctaxi/")
     taxi %>%
     etl_extract(years = 2016, months = 1:2, types = c("yellow","green")) %>%
     etl_transform(years = 2016, months = 1:2, types = c("yellow","green")) %>%
     etl_load(years = 2016, months = 1:2, types = c("yellow","green"))
     ## End(Not run)
    
    
    
    Attaching package: 'lubridate'
    
    The following object is masked from 'package:base':
    
     date
    
    PhantomJS not found. You can install it with webshot::install_phantomjs(). If it is installed, please make sure the phantomjs executable can be found via the PATH variable.
    Warning in normalizePath(f2) :
     path[1]="./webshotc7e03817d7c8.png": No such file or directory
    Warning in file(con, "rb") :
     cannot open file './webshotc7e03817d7c8.png': No such file or directory
    Quitting from lines 61-71 (nyc_taxi.Rmd)
    Error: processing vignette 'nyc_taxi.Rmd' failed with diagnostics:
    cannot open the connection
    Execution halted
Flavor: r-oldrel-osx-x86_64