Last updated on 2023-10-01 10:57:53 CEST.
Flavor | Version | Tinstall | Tcheck | Ttotal | Status | Flags |
---|---|---|---|---|---|---|
r-devel-linux-x86_64-debian-clang | 0.4.0 | 13.66 | 63.77 | 77.43 | OK | |
r-devel-linux-x86_64-debian-gcc | 0.4.0 | 10.02 | 49.32 | 59.34 | OK | |
r-devel-linux-x86_64-fedora-clang | 0.4.0 | 96.41 | NOTE | |||
r-devel-linux-x86_64-fedora-gcc | 0.4.0 | 105.72 | NOTE | |||
r-devel-windows-x86_64 | 0.4.0 | 10.00 | 75.00 | 85.00 | OK | |
r-patched-linux-x86_64 | 0.4.0 | 12.29 | 61.77 | 74.06 | OK | |
r-release-linux-x86_64 | 0.4.0 | 11.46 | 61.60 | 73.06 | OK | |
r-release-macos-arm64 | 0.4.0 | 41.00 | NOTE | |||
r-release-macos-x86_64 | 0.4.0 | 58.00 | OK | |||
r-release-windows-x86_64 | 0.4.0 | 11.00 | 83.00 | 94.00 | OK | |
r-oldrel-macos-arm64 | 0.4.0 | 40.00 | NOTE | |||
r-oldrel-macos-x86_64 | 0.4.0 | 56.00 | NOTE | |||
r-oldrel-windows-x86_64 | 0.4.0 | 15.00 | 86.00 | 101.00 | OK |
Version: 0.4.0
Check: data for non-ASCII characters
Result: NOTE
Note: found 6409 marked UTF-8 strings
Flavors: r-devel-linux-x86_64-fedora-clang, r-devel-linux-x86_64-fedora-gcc, r-oldrel-macos-x86_64
Version: 0.4.0
Check: installed package size
Result: NOTE
installed size is 5.3Mb
sub-directories of 1Mb or more:
data 5.0Mb
Flavors: r-release-macos-arm64, r-oldrel-macos-arm64