CRAN Package Check Results for Package nzilbb.labbcat

Last updated on 2019-09-19 13:46:16 CEST.

Flavor Version Tinstall Tcheck Ttotal Status Flags
r-devel-linux-x86_64-debian-clang 0.2-2 2.24 21.38 23.62 OK
r-devel-linux-x86_64-debian-gcc 0.2-2 2.19 17.23 19.42 OK
r-devel-linux-x86_64-fedora-clang 0.2-2 29.75 OK
r-devel-linux-x86_64-fedora-gcc 0.2-2 31.02 OK
r-devel-windows-ix86+x86_64 0.2-2 8.00 57.00 65.00 OK
r-patched-linux-x86_64 0.2-2 2.20 20.94 23.14 ERROR
r-patched-solaris-x86 0.2-2 44.30 OK
r-release-linux-x86_64 0.2-2 1.94 21.75 23.69 OK
r-release-windows-ix86+x86_64 0.2-2 5.00 80.00 85.00 OK
r-release-osx-x86_64 0.2-2 OK
r-oldrel-windows-ix86+x86_64 0.2-2 3.00 66.00 69.00 OK
r-oldrel-osx-x86_64 0.2-2 OK

Check Details

Version: 0.2-2
Check: tests
Result: ERROR
     Running ‘nzilbb.labbcat-tests.R’ [1s/2s]
    Running the tests in ‘tests/nzilbb.labbcat-tests.R’ failed.
    Complete output:
     > require(nzilbb.labbcat)
     Loading required package: nzilbb.labbcat
     >
     > ## define the LaBB-CAT URL
     > labbcat.url <- "https://labbcat.canterbury.ac.nz/demo/"
     >
     > ## specify the username/password in the script
     > ## (only use labbcatCredentials for scripts that must execute unsupervised!)
     > labbcatCredentials(labbcat.url, "demo", "demo")
     Error in curl::curl_fetch_memory(url, handle = handle) :
     GnuTLS recv error (-54): Error in the pull function.
     Calls: labbcatCredentials ... request_fetch -> request_fetch.write_memory -> <Anonymous>
     Execution halted
Flavor: r-patched-linux-x86_64