CRAN Package Check Results for Package nzpullover

Last updated on 2022-09-25 22:54:00 CEST.

Flavor Version Tinstall Tcheck Ttotal Status Flags
r-devel-linux-x86_64-debian-clang 0.3.0 2.09 21.69 23.78 OK
r-devel-linux-x86_64-debian-gcc 0.3.0 2.66 17.67 20.33 OK
r-devel-linux-x86_64-fedora-clang 0.3.0 41.45 NOTE
r-devel-linux-x86_64-fedora-gcc 0.3.0 40.77 NOTE
r-devel-windows-x86_64 0.3.0 19.00 47.00 66.00 OK
r-patched-linux-x86_64 0.3.0 2.68 21.25 23.93 OK
r-release-linux-x86_64 0.3.0 3.06 21.42 24.48 OK
r-release-macos-arm64 0.3.0 13.00 NOTE
r-release-macos-x86_64 0.3.0 22.00 NOTE
r-release-windows-x86_64 0.3.0 7.00 42.00 49.00 OK
r-oldrel-macos-arm64 0.3.0 21.00 NOTE
r-oldrel-macos-x86_64 0.3.0 26.00 NOTE
r-oldrel-windows-ix86+x86_64 0.3.0 7.00 27.00 34.00 OK

Check Details

Version: 0.3.0
Check: data for non-ASCII characters
Result: NOTE
     Note: found 7284 marked UTF-8 strings
Flavors: r-devel-linux-x86_64-fedora-clang, r-devel-linux-x86_64-fedora-gcc, r-release-macos-arm64, r-release-macos-x86_64, r-oldrel-macos-arm64, r-oldrel-macos-x86_64