CRAN Package Check Results for Package nzpullover

Last updated on 2021-04-10 14:48:03 CEST.

Flavor Version Tinstall Tcheck Ttotal Status Flags
r-devel-linux-x86_64-debian-clang 0.3.0 2.74 20.84 23.58 OK
r-devel-linux-x86_64-debian-gcc 0.3.0 2.10 16.79 18.89 OK
r-devel-linux-x86_64-fedora-clang 0.3.0 36.64 NOTE
r-devel-linux-x86_64-fedora-gcc 0.3.0 26.39 NOTE
r-devel-windows-ix86+x86_64 0.3.0 6.00 27.00 33.00 OK
r-devel-windows-x86_64-gcc10-UCRT 0.3.0 NOTE
r-patched-linux-x86_64 0.3.0 2.38 20.50 22.88 OK
r-patched-solaris-x86 0.3.0 45.10 NOTE
r-release-linux-x86_64 0.3.0 2.39 20.40 22.79 OK
r-release-macos-x86_64 0.3.0 NOTE
r-release-windows-ix86+x86_64 0.3.0 5.00 25.00 30.00 OK
r-oldrel-macos-x86_64 0.3.0 NOTE
r-oldrel-windows-ix86+x86_64 0.3.0 6.00 35.00 41.00 OK

Check Details

Version: 0.3.0
Check: data for non-ASCII characters
Result: NOTE
     Note: found 7284 marked UTF-8 strings
Flavors: r-devel-linux-x86_64-fedora-clang, r-devel-linux-x86_64-fedora-gcc, r-devel-windows-x86_64-gcc10-UCRT, r-patched-solaris-x86, r-release-macos-x86_64, r-oldrel-macos-x86_64