CRAN Package Check Results for Package oai

Last updated on 2018-11-17 15:47:33 CET.

Flavor Version Tinstall Tcheck Ttotal Status Flags
r-devel-linux-x86_64-debian-clang 0.2.2 3.04 29.89 32.93 OK
r-devel-linux-x86_64-debian-gcc 0.2.2 2.17 24.38 26.55 OK
r-devel-linux-x86_64-fedora-clang 0.2.2 42.17 NOTE
r-devel-linux-x86_64-fedora-gcc 0.2.2 37.09 NOTE
r-devel-windows-ix86+x86_64 0.2.2 9.00 57.00 66.00 OK
r-patched-linux-x86_64 0.2.2 1.93 28.14 30.07 OK
r-patched-solaris-x86 0.2.2 62.20 OK
r-release-linux-x86_64 0.2.2 2.14 28.48 30.62 OK
r-release-windows-ix86+x86_64 0.2.2 9.00 68.00 77.00 OK
r-release-osx-x86_64 0.2.2 OK
r-oldrel-windows-ix86+x86_64 0.2.2 11.00 79.00 90.00 OK
r-oldrel-osx-x86_64 0.2.2 OK

Check Details

Version: 0.2.2
Check: compiled code
Result: NOTE
    File ‘oai/libs/oai.so’:
     Found no calls to: ‘R_registerRoutines’, ‘R_useDynamicSymbols’
    
    It is good practice to register native routines and to disable symbol
    search.
    
    See ‘Writing portable packages’ in the ‘Writing R Extensions’ manual.
Flavors: r-devel-linux-x86_64-fedora-clang, r-devel-linux-x86_64-fedora-gcc