CRAN Package Check Results for Package oai

Last updated on 2018-02-18 10:47:47 CET.

Flavor Version Tinstall Tcheck Ttotal Status Flags
r-devel-linux-x86_64-debian-clang 0.2.2 2.30 28.38 30.68 NOTE
r-devel-linux-x86_64-debian-gcc 0.2.2 1.75 22.48 24.23 NOTE
r-devel-linux-x86_64-fedora-clang 0.2.2 37.90 NOTE
r-devel-linux-x86_64-fedora-gcc 0.2.2 35.31 NOTE
r-devel-windows-ix86+x86_64 0.2.2 5.00 51.00 56.00 OK
r-patched-linux-x86_64 0.2.2 1.82 28.36 30.18 NOTE
r-patched-solaris-x86 0.2.2 54.10 OK
r-release-linux-x86_64 0.2.2 1.86 28.08 29.94 NOTE
r-release-windows-ix86+x86_64 0.2.2 9.00 48.00 57.00 OK
r-release-osx-x86_64 0.2.2 OK
r-oldrel-windows-ix86+x86_64 0.2.2 5.00 61.00 66.00 OK
r-oldrel-osx-x86_64 0.2.2 OK

Check Details

Version: 0.2.2
Check: compiled code
Result: NOTE
    File ‘oai/libs/oai.so’:
     Found no calls to: ‘R_registerRoutines’, ‘R_useDynamicSymbols’
    
    It is good practice to register native routines and to disable symbol
    search.
    
    See ‘Writing portable packages’ in the ‘Writing R Extensions’ manual.
Flavors: r-devel-linux-x86_64-debian-clang, r-devel-linux-x86_64-debian-gcc, r-devel-linux-x86_64-fedora-clang, r-devel-linux-x86_64-fedora-gcc, r-patched-linux-x86_64, r-release-linux-x86_64