CRAN Package Check Results for Package oai

Last updated on 2019-02-16 13:46:29 CET.

Flavor Version Tinstall Tcheck Ttotal Status Flags
r-devel-linux-x86_64-debian-clang 0.2.2 3.09 30.61 33.70 OK
r-devel-linux-x86_64-debian-gcc 0.2.2 2.24 24.54 26.78 OK
r-devel-linux-x86_64-fedora-clang 0.2.2 41.43 NOTE
r-devel-linux-x86_64-fedora-gcc 0.2.2 37.94 NOTE
r-devel-windows-ix86+x86_64 0.2.2 11.00 72.00 83.00 OK
r-patched-linux-x86_64 0.2.2 2.61 28.05 30.66 OK
r-patched-solaris-x86 0.2.2 60.70 OK
r-release-linux-x86_64 0.2.2 OK
r-release-windows-ix86+x86_64 0.2.2 5.00 88.00 93.00 OK
r-release-osx-x86_64 0.2.2 OK
r-oldrel-windows-ix86+x86_64 0.2.2 10.00 87.00 97.00 OK
r-oldrel-osx-x86_64 0.2.2 OK

Check Details

Version: 0.2.2
Check: compiled code
Result: NOTE
    File ‘oai/libs/oai.so’:
     Found no calls to: ‘R_registerRoutines’, ‘R_useDynamicSymbols’
    
    It is good practice to register native routines and to disable symbol
    search.
    
    See ‘Writing portable packages’ in the ‘Writing R Extensions’ manual.
Flavors: r-devel-linux-x86_64-fedora-clang, r-devel-linux-x86_64-fedora-gcc