CRAN Package Check Results for Package oaqc

Last updated on 2018-02-24 19:50:45 CET.

Flavor Version Tinstall Tcheck Ttotal Status Flags
r-devel-linux-x86_64-debian-clang 1.0 3.14 18.43 21.57 OK
r-devel-linux-x86_64-debian-gcc 1.0 2.63 14.79 17.42 OK
r-devel-linux-x86_64-fedora-clang 1.0 28.93 OK
r-devel-linux-x86_64-fedora-gcc 1.0 24.78 OK
r-devel-windows-ix86+x86_64 1.0 24.00 57.00 81.00 OK
r-patched-linux-x86_64 1.0 2.84 19.03 21.87 OK
r-patched-solaris-x86 1.0 37.90 OK
r-release-linux-x86_64 1.0 3.41 18.75 22.16 OK
r-release-windows-ix86+x86_64 1.0 16.00 53.00 69.00 OK
r-release-osx-x86_64 1.0 OK
r-oldrel-osx-x86_64 1.0 ERROR

Check Details

Version: 1.0
Check: whether package can be installed
Result: ERROR
    Installation failed.
Flavor: r-oldrel-osx-x86_64