Last updated on 2021-04-14 07:48:33 CEST.
Flavor | Version | Tinstall | Tcheck | Ttotal | Status | Flags |
---|---|---|---|---|---|---|
r-devel-linux-x86_64-debian-clang | 0.2.1 | 2.94 | 30.88 | 33.82 | NOTE | |
r-devel-linux-x86_64-debian-gcc | 0.2.1 | 2.12 | 24.74 | 26.86 | NOTE | |
r-devel-linux-x86_64-fedora-clang | 0.2.1 | 49.22 | NOTE | |||
r-devel-linux-x86_64-fedora-gcc | 0.2.1 | 41.28 | NOTE | |||
r-devel-windows-ix86+x86_64 | 0.2.1 | 7.00 | 45.00 | 52.00 | NOTE | |
r-devel-windows-x86_64-gcc10-UCRT | 0.2.1 | NOTE | ||||
r-patched-linux-x86_64 | 0.2.1 | 2.34 | 30.46 | 32.80 | OK | |
r-patched-solaris-x86 | 0.2.1 | 61.00 | OK | |||
r-release-linux-x86_64 | 0.2.1 | 2.82 | 30.55 | 33.37 | OK | |
r-release-macos-x86_64 | 0.2.1 | OK | ||||
r-release-windows-ix86+x86_64 | 0.2.1 | 5.00 | 57.00 | 62.00 | OK | |
r-oldrel-macos-x86_64 | 0.2.1 | OK | ||||
r-oldrel-windows-ix86+x86_64 | 0.2.1 | 5.00 | 39.00 | 44.00 | OK |
Version: 0.2.1
Check: LazyData
Result: NOTE
'LazyData' is specified without a 'data' directory
Flavors: r-devel-linux-x86_64-debian-clang, r-devel-linux-x86_64-debian-gcc, r-devel-linux-x86_64-fedora-clang, r-devel-linux-x86_64-fedora-gcc, r-devel-windows-ix86+x86_64, r-devel-windows-x86_64-gcc10-UCRT