CRAN Package Check Results for Package objectSignals

Last updated on 2019-10-23 08:51:41 CEST.

Flavor Version Tinstall Tcheck Ttotal Status Flags
r-devel-linux-x86_64-debian-clang 0.10.2 2.30 19.30 21.60 NOTE
r-devel-linux-x86_64-debian-gcc 0.10.2 1.75 15.81 17.56 NOTE
r-devel-linux-x86_64-fedora-clang 0.10.2 27.64 NOTE
r-devel-linux-x86_64-fedora-gcc 0.10.2 26.43 NOTE
r-devel-windows-ix86+x86_64 0.10.2 7.00 48.00 55.00 NOTE
r-patched-linux-x86_64 0.10.2 1.87 19.26 21.13 NOTE
r-patched-solaris-x86 0.10.2 42.70 NOTE
r-release-linux-x86_64 0.10.2 1.90 19.13 21.03 NOTE
r-release-windows-ix86+x86_64 0.10.2 5.00 47.00 52.00 NOTE
r-release-osx-x86_64 0.10.2 NOTE
r-oldrel-windows-ix86+x86_64 0.10.2 3.00 32.00 35.00 NOTE
r-oldrel-osx-x86_64 0.10.2 NOTE

Check Details

Version: 0.10.2
Check: DESCRIPTION meta-information
Result: NOTE
    Package listed in more than one of Depends, Imports, Suggests, Enhances:
     'methods'
    A package should be listed in only one of these fields.
Flavors: r-devel-linux-x86_64-debian-clang, r-devel-linux-x86_64-debian-gcc, r-devel-linux-x86_64-fedora-clang, r-devel-linux-x86_64-fedora-gcc, r-devel-windows-ix86+x86_64, r-patched-linux-x86_64, r-patched-solaris-x86, r-release-linux-x86_64, r-release-windows-ix86+x86_64, r-release-osx-x86_64, r-oldrel-windows-ix86+x86_64, r-oldrel-osx-x86_64

Version: 0.10.2
Check: dependencies in R code
Result: NOTE
    Package in Depends field not imported from: 'methods'
     These packages need to be imported from (in the NAMESPACE file)
     for when this namespace is loaded but not attached.
Flavors: r-devel-linux-x86_64-debian-clang, r-devel-linux-x86_64-debian-gcc, r-devel-windows-ix86+x86_64, r-patched-linux-x86_64, r-release-linux-x86_64, r-release-windows-ix86+x86_64, r-oldrel-windows-ix86+x86_64

Version: 0.10.2
Check: R code for possible problems
Result: NOTE
    Signal.gen: no visible global function definition for 'new'
    Undefined global functions or variables:
     new
    Consider adding
     importFrom("methods", "new")
    to your NAMESPACE file (and ensure that your DESCRIPTION Imports field
    contains 'methods').
Flavors: r-devel-linux-x86_64-debian-clang, r-devel-linux-x86_64-debian-gcc, r-devel-linux-x86_64-fedora-clang, r-devel-linux-x86_64-fedora-gcc, r-devel-windows-ix86+x86_64, r-patched-linux-x86_64, r-patched-solaris-x86, r-release-linux-x86_64, r-release-windows-ix86+x86_64, r-release-osx-x86_64, r-oldrel-windows-ix86+x86_64, r-oldrel-osx-x86_64

Version: 0.10.2
Check: dependencies in R code
Result: NOTE
    Namespace in Imports field not imported from: ‘methods’
     All declared Imports should be used.
    Package in Depends field not imported from: ‘methods’
     These packages need to be imported from (in the NAMESPACE file)
     for when this namespace is loaded but not attached.
Flavors: r-devel-linux-x86_64-fedora-clang, r-devel-linux-x86_64-fedora-gcc, r-patched-solaris-x86, r-release-osx-x86_64, r-oldrel-osx-x86_64