Last updated on 2023-06-08 07:59:05 CEST.
Flavor | Version | Tinstall | Tcheck | Ttotal | Status | Flags |
---|---|---|---|---|---|---|
r-devel-linux-x86_64-debian-clang | 0.5.6 | 12.12 | 164.62 | 176.74 | OK | |
r-devel-linux-x86_64-debian-gcc | 0.5.6 | 10.25 | 98.71 | 108.96 | OK | |
r-devel-linux-x86_64-fedora-clang | 0.5.6 | 180.77 | NOTE | |||
r-devel-linux-x86_64-fedora-gcc | 0.5.6 | 213.80 | NOTE | |||
r-devel-windows-x86_64 | 0.5.6 | 13.00 | 208.00 | 221.00 | OK | |
r-patched-linux-x86_64 | 0.5.6 | 17.32 | 131.29 | 148.61 | OK | |
r-release-linux-x86_64 | 0.5.6 | 11.94 | 153.06 | 165.00 | OK | |
r-release-macos-arm64 | 0.5.6 | 505.00 | OK | |||
r-release-macos-x86_64 | 0.5.6 | 507.00 | OK | |||
r-release-windows-x86_64 | 0.5.6 | 16.00 | 220.00 | 236.00 | OK | |
r-oldrel-macos-arm64 | 0.5.6 | 463.00 | NOTE | |||
r-oldrel-macos-x86_64 | 0.5.6 | 498.00 | NOTE | |||
r-oldrel-windows-x86_64 | 0.5.6 | 18.00 | 233.00 | 251.00 | OK |
Version: 0.5.6
Check: dependencies in R code
Result: NOTE
Namespace in Imports field not imported from: ‘httr’
All declared Imports should be used.
Flavors: r-devel-linux-x86_64-fedora-clang, r-devel-linux-x86_64-fedora-gcc, r-oldrel-macos-arm64, r-oldrel-macos-x86_64
Version: 0.5.6
Check: data for non-ASCII characters
Result: NOTE
Note: found 7 marked UTF-8 strings
Flavors: r-devel-linux-x86_64-fedora-clang, r-devel-linux-x86_64-fedora-gcc, r-oldrel-macos-arm64, r-oldrel-macos-x86_64