CRAN Package Check Results for Package oceanic

Last updated on 2022-12-04 18:53:54 CET.

Flavor Version Tinstall Tcheck Ttotal Status Flags
r-devel-linux-x86_64-debian-clang 0.1.4 13.72 97.07 110.79 OK
r-devel-linux-x86_64-debian-gcc 0.1.4 9.79 73.12 82.91 OK
r-devel-linux-x86_64-fedora-clang 0.1.4 147.17 NOTE
r-devel-linux-x86_64-fedora-gcc 0.1.4 134.65 NOTE
r-devel-windows-x86_64 0.1.4 17.00 119.00 136.00 OK
r-patched-linux-x86_64 0.1.4 10.88 89.46 100.34 OK
r-release-linux-x86_64 0.1.4 8.45 91.53 99.98 OK
r-release-macos-arm64 0.1.4 69.00 NOTE
r-release-macos-x86_64 0.1.4 126.00 NOTE
r-release-windows-x86_64 0.1.4 21.00 122.00 143.00 OK
r-oldrel-macos-arm64 0.1.4 74.00 NOTE
r-oldrel-macos-x86_64 0.1.4 121.00 NOTE
r-oldrel-windows-ix86+x86_64 0.1.4 25.00 119.00 144.00 OK

Check Details

Version: 0.1.4
Check: data for non-ASCII characters
Result: NOTE
     Note: found 1242 marked UTF-8 strings
Flavors: r-devel-linux-x86_64-fedora-clang, r-devel-linux-x86_64-fedora-gcc, r-release-macos-arm64, r-release-macos-x86_64, r-oldrel-macos-arm64, r-oldrel-macos-x86_64