Last updated on 2023-09-25 14:01:06 CEST.
Flavor | Version | Tinstall | Tcheck | Ttotal | Status | Flags |
---|---|---|---|---|---|---|
r-devel-linux-x86_64-debian-clang | 0.1.6 | 10.99 | 80.90 | 91.89 | OK | |
r-devel-linux-x86_64-debian-gcc | 0.1.6 | 8.01 | 61.05 | 69.06 | OK | |
r-devel-linux-x86_64-fedora-clang | 0.1.6 | 110.30 | NOTE | |||
r-devel-linux-x86_64-fedora-gcc | 0.1.6 | 103.80 | NOTE | |||
r-devel-windows-x86_64 | 0.1.6 | 10.00 | 78.00 | 88.00 | OK | |
r-patched-linux-x86_64 | 0.1.6 | 8.50 | 75.23 | 83.73 | OK | |
r-release-linux-x86_64 | 0.1.6 | 6.88 | 76.17 | 83.05 | OK | |
r-release-macos-arm64 | 0.1.6 | 34.00 | OK | |||
r-release-macos-x86_64 | 0.1.6 | 70.00 | OK | |||
r-release-windows-x86_64 | 0.1.6 | 12.00 | 87.00 | 99.00 | OK | |
r-oldrel-macos-arm64 | 0.1.6 | 35.00 | OK | |||
r-oldrel-macos-x86_64 | 0.1.6 | 45.00 | OK | |||
r-oldrel-windows-x86_64 | 0.1.6 | 13.00 | 90.00 | 103.00 | OK |
Version: 0.1.6
Check: data for non-ASCII characters
Result: NOTE
Note: found 1242 marked UTF-8 strings
Flavors: r-devel-linux-x86_64-fedora-clang, r-devel-linux-x86_64-fedora-gcc